{"id":692,"date":"2023-10-22T09:43:56","date_gmt":"2023-10-22T07:43:56","guid":{"rendered":"https:\/\/delos-art.com\/?page_id=692"},"modified":"2023-10-22T09:43:56","modified_gmt":"2023-10-22T07:43:56","slug":"hugo-faz-foto","status":"publish","type":"page","link":"https:\/\/delos-art.com\/index.php\/hugo-faz-foto\/","title":{"rendered":"HUGO FAZ FOTO"},"content":{"rendered":"\n<p>Tr\u00e8s belle collaboration avec l&#8217;artiste performeur br\u00e9silien Hugo.<\/p>\n\n\n\n<p>Hugo est un acteur, interpr\u00e8te et artiste visuel d\u00e9veloppant la recherche artistique dans le domaine des relations entre le corps humain et le corps social. Vous pouvez consulter son <a href=\"https:\/\/hugofazfotos.art\/pt\/portfolio\/\">portfolio<\/a>&nbsp; entier dans le jeu, la performance et la photographie.<\/p>\n\n\n\n<p><a href=\"https:\/\/hugofazfotos.art\/\">100 NUDE Shoots<\/a> (de Hugo) est son projet photographique principal, o\u00f9 il est&nbsp; photographi\u00e9 nu dans 100 essais r\u00e9alis\u00e9s en collaboration avec 100 artistes diff\u00e9rents, chacun avec ses propre&nbsp; concept, vision et interpr\u00e9tation artistiques de la nudit\u00e9 : <a href=\"https:\/\/hugofazfotos.art\/\">https:\/\/hugofazfotos.art\/<\/a><\/p>\n\n\n\n<figure class=\"wp-block-image\"><a href=\"http:\/\/delos-art.com\/wp-content\/uploads\/2018\/04\/HugoFazFotos.jpg\"><img src=\"http:\/\/delos-art.com\/wp-content\/uploads\/2018\/04\/HugoFazFotos.jpg\" alt=\"\" class=\"wp-image-304\"\/><\/a><\/figure>\n\n\n\n<figure class=\"wp-block-embed is-type-rich is-provider-embed-handler wp-block-embed-embed-handler wp-embed-aspect-16-9 wp-has-aspect-ratio\"><div class=\"wp-block-embed__wrapper\">\n<iframe loading=\"lazy\" title=\"Making of delos Hugo hugofazfotos\" width=\"525\" height=\"295\" src=\"https:\/\/www.youtube.com\/embed\/xBOmayPcVeg?feature=oembed\" frameborder=\"0\" allow=\"accelerometer; autoplay; clipboard-write; encrypted-media; gyroscope; picture-in-picture; web-share\" allowfullscreen><\/iframe>\n<\/div><\/figure>\n\n\n\n<p>La photo d&#8217;origine de Hugo par <strong>Alejandro Zenha architecte et photographe br\u00e9silien.<\/strong><\/p>\n\n\n\n<figure class=\"wp-block-image\"><a href=\"http:\/\/delos-art.com\/wp-content\/uploads\/2018\/04\/hugofazfoto.jpg\"><img src=\"http:\/\/delos-art.com\/wp-content\/uploads\/2018\/04\/hugofazfoto.jpg\" alt=\"\" class=\"wp-image-305\"\/><\/a><\/figure>\n","protected":false},"excerpt":{"rendered":"<p>Tr\u00e8s belle collaboration avec l&#8217;artiste performeur br\u00e9silien Hugo. Hugo est un acteur, interpr\u00e8te et artiste visuel d\u00e9veloppant la recherche artistique dans le domaine des relations entre le corps humain et le corps social. Vous pouvez consulter son portfolio&nbsp; entier dans le jeu, la performance et la photographie. 100 NUDE Shoots (de Hugo) est son projet &hellip; <\/p>\n<p class=\"link-more\"><a href=\"https:\/\/delos-art.com\/index.php\/hugo-faz-foto\/\" class=\"more-link\">Continue reading<span class=\"screen-reader-text\"> &#8220;HUGO FAZ FOTO&#8221;<\/span><\/a><\/p>\n","protected":false},"author":1,"featured_media":0,"parent":0,"menu_order":0,"comment_status":"closed","ping_status":"closed","template":"","meta":[],"yoast_head":"<!-- This site is optimized with the Yoast SEO plugin v16.1.1 - https:\/\/yoast.com\/wordpress\/plugins\/seo\/ -->\n<title>HUGO FAZ FOTO - Delos Art GALLERY<\/title>\n<link rel=\"canonical\" href=\"https:\/\/delos-art.com\/index.php\/hugo-faz-foto\/\" \/>\n<meta property=\"og:locale\" content=\"en_US\" \/>\n<meta property=\"og:type\" content=\"article\" \/>\n<meta property=\"og:title\" content=\"HUGO FAZ FOTO - Delos Art GALLERY\" \/>\n<meta property=\"og:description\" content=\"Tr\u00e8s belle collaboration avec l&#8217;artiste performeur br\u00e9silien Hugo. Hugo est un acteur, interpr\u00e8te et artiste visuel d\u00e9veloppant la recherche artistique dans le domaine des relations entre le corps humain et le corps social. Vous pouvez consulter son portfolio&nbsp; entier dans le jeu, la performance et la photographie. 100 NUDE Shoots (de Hugo) est son projet &hellip; Continue reading &quot;HUGO FAZ FOTO&quot;\" \/>\n<meta property=\"og:url\" content=\"https:\/\/delos-art.com\/index.php\/hugo-faz-foto\/\" \/>\n<meta property=\"og:site_name\" content=\"Delos Art GALLERY\" \/>\n<meta property=\"og:image\" content=\"http:\/\/delos-art.com\/wp-content\/uploads\/2018\/04\/HugoFazFotos.jpg\" \/>\n<meta name=\"twitter:card\" content=\"summary_large_image\" \/>\n<meta name=\"twitter:label1\" content=\"Est. reading time\">\n\t<meta name=\"twitter:data1\" content=\"1 minute\">\n<script type=\"application\/ld+json\" class=\"yoast-schema-graph\">{\"@context\":\"https:\/\/schema.org\",\"@graph\":[{\"@type\":\"WebSite\",\"@id\":\"https:\/\/delos-art.com\/#website\",\"url\":\"https:\/\/delos-art.com\/\",\"name\":\"Delos Art GALLERY\",\"description\":\"DELOS LE PEINTRE DES DIEUX, H\\u00c9ROS ET MYTHOLOGIES\",\"potentialAction\":[{\"@type\":\"SearchAction\",\"target\":\"https:\/\/delos-art.com\/?s={search_term_string}\",\"query-input\":\"required name=search_term_string\"}],\"inLanguage\":\"en-US\"},{\"@type\":\"ImageObject\",\"@id\":\"https:\/\/delos-art.com\/index.php\/hugo-faz-foto\/#primaryimage\",\"inLanguage\":\"en-US\",\"url\":\"http:\/\/delos-art.com\/wp-content\/uploads\/2018\/04\/HugoFazFotos.jpg\",\"contentUrl\":\"http:\/\/delos-art.com\/wp-content\/uploads\/2018\/04\/HugoFazFotos.jpg\"},{\"@type\":\"WebPage\",\"@id\":\"https:\/\/delos-art.com\/index.php\/hugo-faz-foto\/#webpage\",\"url\":\"https:\/\/delos-art.com\/index.php\/hugo-faz-foto\/\",\"name\":\"HUGO FAZ FOTO - Delos Art GALLERY\",\"isPartOf\":{\"@id\":\"https:\/\/delos-art.com\/#website\"},\"primaryImageOfPage\":{\"@id\":\"https:\/\/delos-art.com\/index.php\/hugo-faz-foto\/#primaryimage\"},\"datePublished\":\"2023-10-22T07:43:56+00:00\",\"dateModified\":\"2023-10-22T07:43:56+00:00\",\"breadcrumb\":{\"@id\":\"https:\/\/delos-art.com\/index.php\/hugo-faz-foto\/#breadcrumb\"},\"inLanguage\":\"en-US\",\"potentialAction\":[{\"@type\":\"ReadAction\",\"target\":[\"https:\/\/delos-art.com\/index.php\/hugo-faz-foto\/\"]}]},{\"@type\":\"BreadcrumbList\",\"@id\":\"https:\/\/delos-art.com\/index.php\/hugo-faz-foto\/#breadcrumb\",\"itemListElement\":[{\"@type\":\"ListItem\",\"position\":1,\"item\":{\"@type\":\"WebPage\",\"@id\":\"https:\/\/delos-art.com\/\",\"url\":\"https:\/\/delos-art.com\/\",\"name\":\"Accueil\"}},{\"@type\":\"ListItem\",\"position\":2,\"item\":{\"@type\":\"WebPage\",\"@id\":\"https:\/\/delos-art.com\/index.php\/hugo-faz-foto\/\",\"url\":\"https:\/\/delos-art.com\/index.php\/hugo-faz-foto\/\",\"name\":\"HUGO FAZ FOTO\"}}]}]}<\/script>\n<!-- \/ Yoast SEO plugin. -->","_links":{"self":[{"href":"https:\/\/delos-art.com\/index.php\/wp-json\/wp\/v2\/pages\/692"}],"collection":[{"href":"https:\/\/delos-art.com\/index.php\/wp-json\/wp\/v2\/pages"}],"about":[{"href":"https:\/\/delos-art.com\/index.php\/wp-json\/wp\/v2\/types\/page"}],"author":[{"embeddable":true,"href":"https:\/\/delos-art.com\/index.php\/wp-json\/wp\/v2\/users\/1"}],"replies":[{"embeddable":true,"href":"https:\/\/delos-art.com\/index.php\/wp-json\/wp\/v2\/comments?post=692"}],"version-history":[{"count":1,"href":"https:\/\/delos-art.com\/index.php\/wp-json\/wp\/v2\/pages\/692\/revisions"}],"predecessor-version":[{"id":694,"href":"https:\/\/delos-art.com\/index.php\/wp-json\/wp\/v2\/pages\/692\/revisions\/694"}],"wp:attachment":[{"href":"https:\/\/delos-art.com\/index.php\/wp-json\/wp\/v2\/media?parent=692"}],"curies":[{"name":"wp","href":"https:\/\/api.w.org\/{rel}","templated":true}]}}