{"id":541,"date":"2023-08-13T09:28:09","date_gmt":"2023-08-13T07:28:09","guid":{"rendered":"https:\/\/delos-art.com\/?page_id=541"},"modified":"2023-09-21T12:54:51","modified_gmt":"2023-09-21T10:54:51","slug":"delos-a-venise","status":"publish","type":"page","link":"https:\/\/delos-art.com\/index.php\/delos-a-venise\/","title":{"rendered":"D\u00e9los \u00e0 Venise"},"content":{"rendered":"\n<p>\u200b<\/p>\n\n\n\n<p>DELOS vous invite cette fois-ci \u00e0 un voyage dans Venise, qu&#8217;il habite de ses dieux, titans et h\u00e9ros de la mythologie.<\/p>\n\n\n\n<p>&#8220;Lorsqu\u2019on peint Venise, on a cette sensation d&#8217;\u00eatre compl\u00e8tement amoureux de cette cit\u00e9 lacustre qui \u00e9veille tous nos sens.&#8221;.<\/p>\n\n\n\n<p>\u200bVenise est le support parfait pour son imaginaire. La mythologie trouvera donc toute sa place dans cette cit\u00e9 \u00e0 la fois tr\u00e8s ancienne mais aussi intemporelle.<\/p>\n\n\n\n<figure class=\"wp-block-image size-large\"><img loading=\"lazy\" width=\"724\" height=\"1024\" src=\"https:\/\/delos-art.com\/wp-content\/uploads\/2023\/08\/affiche-venise-724x1024.jpg\" alt=\"\" class=\"wp-image-539\" srcset=\"https:\/\/delos-art.com\/wp-content\/uploads\/2023\/08\/affiche-venise-724x1024.jpg 724w, https:\/\/delos-art.com\/wp-content\/uploads\/2023\/08\/affiche-venise-212x300.jpg 212w, https:\/\/delos-art.com\/wp-content\/uploads\/2023\/08\/affiche-venise-768x1086.jpg 768w, https:\/\/delos-art.com\/wp-content\/uploads\/2023\/08\/affiche-venise-1086x1536.jpg 1086w, https:\/\/delos-art.com\/wp-content\/uploads\/2023\/08\/affiche-venise-1448x2048.jpg 1448w, https:\/\/delos-art.com\/wp-content\/uploads\/2023\/08\/affiche-venise-350x495.jpg 350w, https:\/\/delos-art.com\/wp-content\/uploads\/2023\/08\/affiche-venise-scaled.jpg 1810w\" sizes=\"(max-width: 724px) 100vw, 724px\" \/><\/figure>\n\n\n\n<figure class=\"wp-block-image size-large\"><img loading=\"lazy\" width=\"1024\" height=\"653\" src=\"https:\/\/delos-art.com\/wp-content\/uploads\/2023\/08\/IMG_2953-1024x653.jpeg\" alt=\"\" class=\"wp-image-542\" srcset=\"https:\/\/delos-art.com\/wp-content\/uploads\/2023\/08\/IMG_2953-1024x653.jpeg 1024w, https:\/\/delos-art.com\/wp-content\/uploads\/2023\/08\/IMG_2953-300x191.jpeg 300w, https:\/\/delos-art.com\/wp-content\/uploads\/2023\/08\/IMG_2953-768x489.jpeg 768w, https:\/\/delos-art.com\/wp-content\/uploads\/2023\/08\/IMG_2953-350x223.jpeg 350w, https:\/\/delos-art.com\/wp-content\/uploads\/2023\/08\/IMG_2953.jpeg 1169w\" sizes=\"(max-width: 706px) 89vw, (max-width: 767px) 82vw, 740px\" \/><figcaption><strong>Poseidon place San Marco<\/strong><\/figcaption><\/figure>\n\n\n\n<figure class=\"wp-block-image size-large\"><img loading=\"lazy\" width=\"830\" height=\"1024\" src=\"https:\/\/delos-art.com\/wp-content\/uploads\/2023\/08\/ced2453b-8af1-4899-a409-776676b14f2c-830x1024.jpg\" alt=\"\" class=\"wp-image-543\" srcset=\"https:\/\/delos-art.com\/wp-content\/uploads\/2023\/08\/ced2453b-8af1-4899-a409-776676b14f2c-830x1024.jpg 830w, https:\/\/delos-art.com\/wp-content\/uploads\/2023\/08\/ced2453b-8af1-4899-a409-776676b14f2c-243x300.jpg 243w, https:\/\/delos-art.com\/wp-content\/uploads\/2023\/08\/ced2453b-8af1-4899-a409-776676b14f2c-768x948.jpg 768w, https:\/\/delos-art.com\/wp-content\/uploads\/2023\/08\/ced2453b-8af1-4899-a409-776676b14f2c-1245x1536.jpg 1245w, https:\/\/delos-art.com\/wp-content\/uploads\/2023\/08\/ced2453b-8af1-4899-a409-776676b14f2c-350x432.jpg 350w, https:\/\/delos-art.com\/wp-content\/uploads\/2023\/08\/ced2453b-8af1-4899-a409-776676b14f2c.jpg 1660w\" sizes=\"(max-width: 706px) 89vw, (max-width: 767px) 82vw, 740px\" \/><\/figure>\n\n\n\n<figure class=\"wp-block-image size-large is-resized\"><img loading=\"lazy\" src=\"https:\/\/delos-art.com\/wp-content\/uploads\/2023\/08\/IMG_4400-2-1024x721.jpeg\" alt=\"\" class=\"wp-image-544\" width=\"675\" height=\"475\" srcset=\"https:\/\/delos-art.com\/wp-content\/uploads\/2023\/08\/IMG_4400-2-1024x721.jpeg 1024w, https:\/\/delos-art.com\/wp-content\/uploads\/2023\/08\/IMG_4400-2-300x211.jpeg 300w, https:\/\/delos-art.com\/wp-content\/uploads\/2023\/08\/IMG_4400-2-768x541.jpeg 768w, https:\/\/delos-art.com\/wp-content\/uploads\/2023\/08\/IMG_4400-2-1536x1082.jpeg 1536w, https:\/\/delos-art.com\/wp-content\/uploads\/2023\/08\/IMG_4400-2-2048x1443.jpeg 2048w, https:\/\/delos-art.com\/wp-content\/uploads\/2023\/08\/IMG_4400-2-350x247.jpeg 350w\" sizes=\"(max-width: 675px) 100vw, 675px\" \/><figcaption><strong>L Arsenal de Venise<\/strong><\/figcaption><\/figure>\n\n\n\n<figure class=\"wp-block-image size-large\"><img loading=\"lazy\" width=\"813\" height=\"1024\" src=\"https:\/\/delos-art.com\/wp-content\/uploads\/2023\/08\/IMG_5937-813x1024.jpeg\" alt=\"\" class=\"wp-image-545\" srcset=\"https:\/\/delos-art.com\/wp-content\/uploads\/2023\/08\/IMG_5937-813x1024.jpeg 813w, https:\/\/delos-art.com\/wp-content\/uploads\/2023\/08\/IMG_5937-238x300.jpeg 238w, https:\/\/delos-art.com\/wp-content\/uploads\/2023\/08\/IMG_5937-768x967.jpeg 768w, https:\/\/delos-art.com\/wp-content\/uploads\/2023\/08\/IMG_5937-1219x1536.jpeg 1219w, https:\/\/delos-art.com\/wp-content\/uploads\/2023\/08\/IMG_5937-1626x2048.jpeg 1626w, https:\/\/delos-art.com\/wp-content\/uploads\/2023\/08\/IMG_5937-350x441.jpeg 350w, https:\/\/delos-art.com\/wp-content\/uploads\/2023\/08\/IMG_5937-scaled.jpeg 2032w\" sizes=\"(max-width: 706px) 89vw, (max-width: 767px) 82vw, 740px\" \/><figcaption><strong>Le marchand de perles de Venise<\/strong><\/figcaption><\/figure>\n\n\n\n<figure class=\"wp-block-image size-large\"><img loading=\"lazy\" width=\"819\" height=\"1024\" src=\"https:\/\/delos-art.com\/wp-content\/uploads\/2023\/08\/537E5DBE-CBFC-41D6-B769-93CFBEFA9884-2-819x1024.jpg\" alt=\"\" class=\"wp-image-546\" srcset=\"https:\/\/delos-art.com\/wp-content\/uploads\/2023\/08\/537E5DBE-CBFC-41D6-B769-93CFBEFA9884-2-819x1024.jpg 819w, https:\/\/delos-art.com\/wp-content\/uploads\/2023\/08\/537E5DBE-CBFC-41D6-B769-93CFBEFA9884-2-240x300.jpg 240w, https:\/\/delos-art.com\/wp-content\/uploads\/2023\/08\/537E5DBE-CBFC-41D6-B769-93CFBEFA9884-2-768x960.jpg 768w, https:\/\/delos-art.com\/wp-content\/uploads\/2023\/08\/537E5DBE-CBFC-41D6-B769-93CFBEFA9884-2-1229x1536.jpg 1229w, https:\/\/delos-art.com\/wp-content\/uploads\/2023\/08\/537E5DBE-CBFC-41D6-B769-93CFBEFA9884-2-1639x2048.jpg 1639w, https:\/\/delos-art.com\/wp-content\/uploads\/2023\/08\/537E5DBE-CBFC-41D6-B769-93CFBEFA9884-2-350x437.jpg 350w, https:\/\/delos-art.com\/wp-content\/uploads\/2023\/08\/537E5DBE-CBFC-41D6-B769-93CFBEFA9884-2-scaled.jpg 2048w\" sizes=\"(max-width: 706px) 89vw, (max-width: 767px) 82vw, 740px\" \/><\/figure>\n\n\n\n<figure class=\"wp-block-gallery columns-3 is-cropped\"><ul class=\"blocks-gallery-grid\"><li class=\"blocks-gallery-item\"><figure><img loading=\"lazy\" width=\"1024\" height=\"619\" src=\"https:\/\/delos-art.com\/wp-content\/uploads\/2023\/09\/IMG_7439-2-1024x619.jpeg\" alt=\"\" data-id=\"609\" data-full-url=\"https:\/\/delos-art.com\/wp-content\/uploads\/2023\/09\/IMG_7439-2-scaled.jpeg\" data-link=\"https:\/\/delos-art.com\/index.php\/delos-a-venise\/img_7439-2\/\" class=\"wp-image-609\" srcset=\"https:\/\/delos-art.com\/wp-content\/uploads\/2023\/09\/IMG_7439-2-1024x619.jpeg 1024w, https:\/\/delos-art.com\/wp-content\/uploads\/2023\/09\/IMG_7439-2-300x181.jpeg 300w, https:\/\/delos-art.com\/wp-content\/uploads\/2023\/09\/IMG_7439-2-768x465.jpeg 768w, https:\/\/delos-art.com\/wp-content\/uploads\/2023\/09\/IMG_7439-2-1536x929.jpeg 1536w, https:\/\/delos-art.com\/wp-content\/uploads\/2023\/09\/IMG_7439-2-2048x1239.jpeg 2048w, https:\/\/delos-art.com\/wp-content\/uploads\/2023\/09\/IMG_7439-2-350x212.jpeg 350w\" sizes=\"(max-width: 706px) 89vw, (max-width: 767px) 82vw, 740px\" \/><\/figure><\/li><li class=\"blocks-gallery-item\"><figure><img loading=\"lazy\" width=\"1024\" height=\"727\" src=\"https:\/\/delos-art.com\/wp-content\/uploads\/2023\/09\/IMG_7446-2-1024x727.jpeg\" alt=\"\" data-id=\"610\" data-full-url=\"https:\/\/delos-art.com\/wp-content\/uploads\/2023\/09\/IMG_7446-2-scaled.jpeg\" data-link=\"https:\/\/delos-art.com\/index.php\/delos-a-venise\/img_7446-2\/\" class=\"wp-image-610\" srcset=\"https:\/\/delos-art.com\/wp-content\/uploads\/2023\/09\/IMG_7446-2-1024x727.jpeg 1024w, https:\/\/delos-art.com\/wp-content\/uploads\/2023\/09\/IMG_7446-2-300x213.jpeg 300w, https:\/\/delos-art.com\/wp-content\/uploads\/2023\/09\/IMG_7446-2-768x546.jpeg 768w, https:\/\/delos-art.com\/wp-content\/uploads\/2023\/09\/IMG_7446-2-1536x1091.jpeg 1536w, https:\/\/delos-art.com\/wp-content\/uploads\/2023\/09\/IMG_7446-2-2048x1455.jpeg 2048w, https:\/\/delos-art.com\/wp-content\/uploads\/2023\/09\/IMG_7446-2-350x249.jpeg 350w\" sizes=\"(max-width: 706px) 89vw, (max-width: 767px) 82vw, 740px\" \/><\/figure><\/li><li class=\"blocks-gallery-item\"><figure><img loading=\"lazy\" width=\"1024\" height=\"768\" src=\"https:\/\/delos-art.com\/wp-content\/uploads\/2023\/09\/IMG_7458-2-1024x768.jpeg\" alt=\"\" data-id=\"612\" data-full-url=\"https:\/\/delos-art.com\/wp-content\/uploads\/2023\/09\/IMG_7458-2-scaled.jpeg\" data-link=\"https:\/\/delos-art.com\/index.php\/delos-a-venise\/img_7458-2\/\" class=\"wp-image-612\" srcset=\"https:\/\/delos-art.com\/wp-content\/uploads\/2023\/09\/IMG_7458-2-1024x768.jpeg 1024w, https:\/\/delos-art.com\/wp-content\/uploads\/2023\/09\/IMG_7458-2-300x225.jpeg 300w, https:\/\/delos-art.com\/wp-content\/uploads\/2023\/09\/IMG_7458-2-768x576.jpeg 768w, https:\/\/delos-art.com\/wp-content\/uploads\/2023\/09\/IMG_7458-2-1536x1152.jpeg 1536w, https:\/\/delos-art.com\/wp-content\/uploads\/2023\/09\/IMG_7458-2-2048x1536.jpeg 2048w, https:\/\/delos-art.com\/wp-content\/uploads\/2023\/09\/IMG_7458-2-350x263.jpeg 350w\" sizes=\"(max-width: 706px) 89vw, (max-width: 767px) 82vw, 740px\" \/><\/figure><\/li><li class=\"blocks-gallery-item\"><figure><img loading=\"lazy\" width=\"1024\" height=\"768\" src=\"https:\/\/delos-art.com\/wp-content\/uploads\/2023\/09\/46198a4a-520c-4363-801e-099b5f559dea-2-1024x768.jpg\" alt=\"\" data-id=\"613\" data-full-url=\"https:\/\/delos-art.com\/wp-content\/uploads\/2023\/09\/46198a4a-520c-4363-801e-099b5f559dea-2.jpg\" data-link=\"https:\/\/delos-art.com\/index.php\/delos-a-venise\/46198a4a-520c-4363-801e-099b5f559dea-2\/\" class=\"wp-image-613\" srcset=\"https:\/\/delos-art.com\/wp-content\/uploads\/2023\/09\/46198a4a-520c-4363-801e-099b5f559dea-2-1024x768.jpg 1024w, https:\/\/delos-art.com\/wp-content\/uploads\/2023\/09\/46198a4a-520c-4363-801e-099b5f559dea-2-300x225.jpg 300w, https:\/\/delos-art.com\/wp-content\/uploads\/2023\/09\/46198a4a-520c-4363-801e-099b5f559dea-2-768x576.jpg 768w, https:\/\/delos-art.com\/wp-content\/uploads\/2023\/09\/46198a4a-520c-4363-801e-099b5f559dea-2-1536x1152.jpg 1536w, https:\/\/delos-art.com\/wp-content\/uploads\/2023\/09\/46198a4a-520c-4363-801e-099b5f559dea-2-350x263.jpg 350w, https:\/\/delos-art.com\/wp-content\/uploads\/2023\/09\/46198a4a-520c-4363-801e-099b5f559dea-2.jpg 2048w\" sizes=\"(max-width: 706px) 89vw, (max-width: 767px) 82vw, 740px\" \/><\/figure><\/li><li class=\"blocks-gallery-item\"><figure><img loading=\"lazy\" width=\"1024\" height=\"768\" src=\"https:\/\/delos-art.com\/wp-content\/uploads\/2023\/09\/IMG_7465-2-1024x768.jpeg\" alt=\"\" data-id=\"614\" data-full-url=\"https:\/\/delos-art.com\/wp-content\/uploads\/2023\/09\/IMG_7465-2-scaled.jpeg\" data-link=\"https:\/\/delos-art.com\/index.php\/delos-a-venise\/img_7465-2\/\" class=\"wp-image-614\" srcset=\"https:\/\/delos-art.com\/wp-content\/uploads\/2023\/09\/IMG_7465-2-1024x768.jpeg 1024w, https:\/\/delos-art.com\/wp-content\/uploads\/2023\/09\/IMG_7465-2-300x225.jpeg 300w, https:\/\/delos-art.com\/wp-content\/uploads\/2023\/09\/IMG_7465-2-768x576.jpeg 768w, https:\/\/delos-art.com\/wp-content\/uploads\/2023\/09\/IMG_7465-2-1536x1152.jpeg 1536w, https:\/\/delos-art.com\/wp-content\/uploads\/2023\/09\/IMG_7465-2-2048x1536.jpeg 2048w, https:\/\/delos-art.com\/wp-content\/uploads\/2023\/09\/IMG_7465-2-350x263.jpeg 350w\" sizes=\"(max-width: 706px) 89vw, (max-width: 767px) 82vw, 740px\" \/><\/figure><\/li><li class=\"blocks-gallery-item\"><figure><img loading=\"lazy\" width=\"1024\" height=\"768\" src=\"https:\/\/delos-art.com\/wp-content\/uploads\/2023\/09\/IMG_7466-2-1024x768.jpeg\" alt=\"\" data-id=\"615\" data-full-url=\"https:\/\/delos-art.com\/wp-content\/uploads\/2023\/09\/IMG_7466-2-scaled.jpeg\" data-link=\"https:\/\/delos-art.com\/index.php\/delos-a-venise\/img_7466-2\/\" class=\"wp-image-615\" srcset=\"https:\/\/delos-art.com\/wp-content\/uploads\/2023\/09\/IMG_7466-2-1024x768.jpeg 1024w, https:\/\/delos-art.com\/wp-content\/uploads\/2023\/09\/IMG_7466-2-300x225.jpeg 300w, https:\/\/delos-art.com\/wp-content\/uploads\/2023\/09\/IMG_7466-2-768x576.jpeg 768w, https:\/\/delos-art.com\/wp-content\/uploads\/2023\/09\/IMG_7466-2-1536x1152.jpeg 1536w, https:\/\/delos-art.com\/wp-content\/uploads\/2023\/09\/IMG_7466-2-2048x1536.jpeg 2048w, https:\/\/delos-art.com\/wp-content\/uploads\/2023\/09\/IMG_7466-2-350x263.jpeg 350w\" sizes=\"(max-width: 706px) 89vw, (max-width: 767px) 82vw, 740px\" \/><\/figure><\/li><li class=\"blocks-gallery-item\"><figure><img loading=\"lazy\" width=\"1024\" height=\"768\" src=\"https:\/\/delos-art.com\/wp-content\/uploads\/2023\/09\/IMG_7467-2-1024x768.jpeg\" alt=\"\" data-id=\"616\" data-full-url=\"https:\/\/delos-art.com\/wp-content\/uploads\/2023\/09\/IMG_7467-2-scaled.jpeg\" data-link=\"https:\/\/delos-art.com\/index.php\/delos-a-venise\/img_7467-2\/\" class=\"wp-image-616\" srcset=\"https:\/\/delos-art.com\/wp-content\/uploads\/2023\/09\/IMG_7467-2-1024x768.jpeg 1024w, https:\/\/delos-art.com\/wp-content\/uploads\/2023\/09\/IMG_7467-2-300x225.jpeg 300w, https:\/\/delos-art.com\/wp-content\/uploads\/2023\/09\/IMG_7467-2-768x576.jpeg 768w, https:\/\/delos-art.com\/wp-content\/uploads\/2023\/09\/IMG_7467-2-1536x1152.jpeg 1536w, https:\/\/delos-art.com\/wp-content\/uploads\/2023\/09\/IMG_7467-2-2048x1536.jpeg 2048w, https:\/\/delos-art.com\/wp-content\/uploads\/2023\/09\/IMG_7467-2-350x263.jpeg 350w\" sizes=\"(max-width: 706px) 89vw, (max-width: 767px) 82vw, 740px\" \/><\/figure><\/li><li class=\"blocks-gallery-item\"><figure><img loading=\"lazy\" width=\"1024\" height=\"768\" src=\"https:\/\/delos-art.com\/wp-content\/uploads\/2023\/09\/26f62421-fab2-4210-aa08-6e9ff2cdeca2-2-1024x768.jpg\" alt=\"\" data-id=\"617\" data-full-url=\"https:\/\/delos-art.com\/wp-content\/uploads\/2023\/09\/26f62421-fab2-4210-aa08-6e9ff2cdeca2-2.jpg\" data-link=\"https:\/\/delos-art.com\/index.php\/delos-a-venise\/26f62421-fab2-4210-aa08-6e9ff2cdeca2-2\/\" class=\"wp-image-617\" srcset=\"https:\/\/delos-art.com\/wp-content\/uploads\/2023\/09\/26f62421-fab2-4210-aa08-6e9ff2cdeca2-2-1024x768.jpg 1024w, https:\/\/delos-art.com\/wp-content\/uploads\/2023\/09\/26f62421-fab2-4210-aa08-6e9ff2cdeca2-2-300x225.jpg 300w, https:\/\/delos-art.com\/wp-content\/uploads\/2023\/09\/26f62421-fab2-4210-aa08-6e9ff2cdeca2-2-768x576.jpg 768w, https:\/\/delos-art.com\/wp-content\/uploads\/2023\/09\/26f62421-fab2-4210-aa08-6e9ff2cdeca2-2-1536x1152.jpg 1536w, https:\/\/delos-art.com\/wp-content\/uploads\/2023\/09\/26f62421-fab2-4210-aa08-6e9ff2cdeca2-2-350x263.jpg 350w, https:\/\/delos-art.com\/wp-content\/uploads\/2023\/09\/26f62421-fab2-4210-aa08-6e9ff2cdeca2-2.jpg 2048w\" sizes=\"(max-width: 706px) 89vw, (max-width: 767px) 82vw, 740px\" \/><\/figure><\/li><li class=\"blocks-gallery-item\"><figure><img loading=\"lazy\" width=\"1024\" height=\"581\" src=\"https:\/\/delos-art.com\/wp-content\/uploads\/2023\/09\/IMG_7636-2-1024x581.jpeg\" alt=\"\" data-id=\"618\" data-full-url=\"https:\/\/delos-art.com\/wp-content\/uploads\/2023\/09\/IMG_7636-2-scaled.jpeg\" data-link=\"https:\/\/delos-art.com\/index.php\/delos-a-venise\/img_7636-2\/\" class=\"wp-image-618\" srcset=\"https:\/\/delos-art.com\/wp-content\/uploads\/2023\/09\/IMG_7636-2-1024x581.jpeg 1024w, https:\/\/delos-art.com\/wp-content\/uploads\/2023\/09\/IMG_7636-2-300x170.jpeg 300w, https:\/\/delos-art.com\/wp-content\/uploads\/2023\/09\/IMG_7636-2-768x435.jpeg 768w, https:\/\/delos-art.com\/wp-content\/uploads\/2023\/09\/IMG_7636-2-1536x871.jpeg 1536w, https:\/\/delos-art.com\/wp-content\/uploads\/2023\/09\/IMG_7636-2-2048x1161.jpeg 2048w, https:\/\/delos-art.com\/wp-content\/uploads\/2023\/09\/IMG_7636-2-350x198.jpeg 350w\" sizes=\"(max-width: 706px) 89vw, (max-width: 767px) 82vw, 740px\" \/><\/figure><\/li><li class=\"blocks-gallery-item\"><figure><img loading=\"lazy\" width=\"489\" height=\"1024\" src=\"https:\/\/delos-art.com\/wp-content\/uploads\/2023\/09\/IMG_7443-2-489x1024.jpeg\" alt=\"\" data-id=\"619\" data-full-url=\"https:\/\/delos-art.com\/wp-content\/uploads\/2023\/09\/IMG_7443-2-scaled.jpeg\" data-link=\"https:\/\/delos-art.com\/index.php\/delos-a-venise\/img_7443-2\/\" class=\"wp-image-619\" srcset=\"https:\/\/delos-art.com\/wp-content\/uploads\/2023\/09\/IMG_7443-2-489x1024.jpeg 489w, https:\/\/delos-art.com\/wp-content\/uploads\/2023\/09\/IMG_7443-2-143x300.jpeg 143w, https:\/\/delos-art.com\/wp-content\/uploads\/2023\/09\/IMG_7443-2-768x1608.jpeg 768w, https:\/\/delos-art.com\/wp-content\/uploads\/2023\/09\/IMG_7443-2-734x1536.jpeg 734w, https:\/\/delos-art.com\/wp-content\/uploads\/2023\/09\/IMG_7443-2-978x2048.jpeg 978w, https:\/\/delos-art.com\/wp-content\/uploads\/2023\/09\/IMG_7443-2-350x733.jpeg 350w, https:\/\/delos-art.com\/wp-content\/uploads\/2023\/09\/IMG_7443-2-scaled.jpeg 1223w\" sizes=\"(max-width: 489px) 100vw, 489px\" \/><\/figure><\/li><li class=\"blocks-gallery-item\"><figure><img loading=\"lazy\" width=\"766\" height=\"1024\" src=\"https:\/\/delos-art.com\/wp-content\/uploads\/2023\/09\/IMG_7694-2-766x1024.jpeg\" alt=\"\" data-id=\"620\" data-full-url=\"https:\/\/delos-art.com\/wp-content\/uploads\/2023\/09\/IMG_7694-2-scaled.jpeg\" data-link=\"https:\/\/delos-art.com\/index.php\/delos-a-venise\/img_7694-2\/\" class=\"wp-image-620\" srcset=\"https:\/\/delos-art.com\/wp-content\/uploads\/2023\/09\/IMG_7694-2-766x1024.jpeg 766w, https:\/\/delos-art.com\/wp-content\/uploads\/2023\/09\/IMG_7694-2-224x300.jpeg 224w, https:\/\/delos-art.com\/wp-content\/uploads\/2023\/09\/IMG_7694-2-768x1027.jpeg 768w, https:\/\/delos-art.com\/wp-content\/uploads\/2023\/09\/IMG_7694-2-1149x1536.jpeg 1149w, https:\/\/delos-art.com\/wp-content\/uploads\/2023\/09\/IMG_7694-2-1532x2048.jpeg 1532w, https:\/\/delos-art.com\/wp-content\/uploads\/2023\/09\/IMG_7694-2-350x468.jpeg 350w, https:\/\/delos-art.com\/wp-content\/uploads\/2023\/09\/IMG_7694-2-scaled.jpeg 1915w\" sizes=\"(max-width: 706px) 89vw, (max-width: 767px) 82vw, 740px\" \/><\/figure><\/li><li class=\"blocks-gallery-item\"><figure><img loading=\"lazy\" width=\"768\" height=\"1024\" src=\"https:\/\/delos-art.com\/wp-content\/uploads\/2023\/09\/IMG_7698-2-768x1024.jpeg\" alt=\"\" data-id=\"621\" data-full-url=\"https:\/\/delos-art.com\/wp-content\/uploads\/2023\/09\/IMG_7698-2-scaled.jpeg\" data-link=\"https:\/\/delos-art.com\/index.php\/delos-a-venise\/img_7698-2\/\" class=\"wp-image-621\" srcset=\"https:\/\/delos-art.com\/wp-content\/uploads\/2023\/09\/IMG_7698-2-768x1024.jpeg 768w, https:\/\/delos-art.com\/wp-content\/uploads\/2023\/09\/IMG_7698-2-225x300.jpeg 225w, https:\/\/delos-art.com\/wp-content\/uploads\/2023\/09\/IMG_7698-2-1152x1536.jpeg 1152w, https:\/\/delos-art.com\/wp-content\/uploads\/2023\/09\/IMG_7698-2-1536x2048.jpeg 1536w, https:\/\/delos-art.com\/wp-content\/uploads\/2023\/09\/IMG_7698-2-350x467.jpeg 350w, https:\/\/delos-art.com\/wp-content\/uploads\/2023\/09\/IMG_7698-2-scaled.jpeg 1920w\" sizes=\"(max-width: 706px) 89vw, (max-width: 767px) 82vw, 740px\" \/><\/figure><\/li><li class=\"blocks-gallery-item\"><figure><img loading=\"lazy\" width=\"768\" height=\"1024\" src=\"https:\/\/delos-art.com\/wp-content\/uploads\/2023\/09\/IMG_7703-1-768x1024.jpeg\" alt=\"\" data-id=\"622\" data-full-url=\"https:\/\/delos-art.com\/wp-content\/uploads\/2023\/09\/IMG_7703-1-scaled.jpeg\" data-link=\"https:\/\/delos-art.com\/index.php\/delos-a-venise\/img_7703-1\/\" class=\"wp-image-622\" srcset=\"https:\/\/delos-art.com\/wp-content\/uploads\/2023\/09\/IMG_7703-1-768x1024.jpeg 768w, https:\/\/delos-art.com\/wp-content\/uploads\/2023\/09\/IMG_7703-1-225x300.jpeg 225w, https:\/\/delos-art.com\/wp-content\/uploads\/2023\/09\/IMG_7703-1-1152x1536.jpeg 1152w, https:\/\/delos-art.com\/wp-content\/uploads\/2023\/09\/IMG_7703-1-1536x2048.jpeg 1536w, https:\/\/delos-art.com\/wp-content\/uploads\/2023\/09\/IMG_7703-1-350x467.jpeg 350w, https:\/\/delos-art.com\/wp-content\/uploads\/2023\/09\/IMG_7703-1-scaled.jpeg 1920w\" sizes=\"(max-width: 706px) 89vw, (max-width: 767px) 82vw, 740px\" \/><\/figure><\/li><li class=\"blocks-gallery-item\"><figure><img loading=\"lazy\" width=\"585\" height=\"1024\" src=\"https:\/\/delos-art.com\/wp-content\/uploads\/2023\/09\/IMG_7608-2-585x1024.jpeg\" alt=\"\" data-id=\"623\" data-full-url=\"https:\/\/delos-art.com\/wp-content\/uploads\/2023\/09\/IMG_7608-2-scaled.jpeg\" data-link=\"https:\/\/delos-art.com\/index.php\/delos-a-venise\/img_7608-2\/\" class=\"wp-image-623\" srcset=\"https:\/\/delos-art.com\/wp-content\/uploads\/2023\/09\/IMG_7608-2-585x1024.jpeg 585w, https:\/\/delos-art.com\/wp-content\/uploads\/2023\/09\/IMG_7608-2-171x300.jpeg 171w, https:\/\/delos-art.com\/wp-content\/uploads\/2023\/09\/IMG_7608-2-768x1345.jpeg 768w, https:\/\/delos-art.com\/wp-content\/uploads\/2023\/09\/IMG_7608-2-877x1536.jpeg 877w, https:\/\/delos-art.com\/wp-content\/uploads\/2023\/09\/IMG_7608-2-1169x2048.jpeg 1169w, https:\/\/delos-art.com\/wp-content\/uploads\/2023\/09\/IMG_7608-2-350x613.jpeg 350w, https:\/\/delos-art.com\/wp-content\/uploads\/2023\/09\/IMG_7608-2-scaled.jpeg 1462w\" sizes=\"(max-width: 585px) 100vw, 585px\" \/><\/figure><\/li><\/ul><\/figure>\n","protected":false},"excerpt":{"rendered":"<p>\u200b DELOS vous invite cette fois-ci \u00e0 un voyage dans Venise, qu&#8217;il habite de ses dieux, titans et h\u00e9ros de la mythologie. &#8220;Lorsqu\u2019on peint Venise, on a cette sensation d&#8217;\u00eatre compl\u00e8tement amoureux de cette cit\u00e9 lacustre qui \u00e9veille tous nos sens.&#8221;. \u200bVenise est le support parfait pour son imaginaire. La mythologie trouvera donc toute sa &hellip; <\/p>\n<p class=\"link-more\"><a href=\"https:\/\/delos-art.com\/index.php\/delos-a-venise\/\" class=\"more-link\">Continue reading<span class=\"screen-reader-text\"> &#8220;D\u00e9los \u00e0 Venise&#8221;<\/span><\/a><\/p>\n","protected":false},"author":1,"featured_media":0,"parent":0,"menu_order":0,"comment_status":"closed","ping_status":"closed","template":"","meta":[],"yoast_head":"<!-- This site is optimized with the Yoast SEO plugin v16.1.1 - https:\/\/yoast.com\/wordpress\/plugins\/seo\/ -->\n<title>D\u00e9los \u00e0 Venise - Delos Art GALLERY<\/title>\n<link rel=\"canonical\" href=\"https:\/\/delos-art.com\/index.php\/delos-a-venise\/\" \/>\n<meta property=\"og:locale\" content=\"en_US\" \/>\n<meta property=\"og:type\" content=\"article\" \/>\n<meta property=\"og:title\" content=\"D\u00e9los \u00e0 Venise - Delos Art GALLERY\" \/>\n<meta property=\"og:description\" content=\"\u200b DELOS vous invite cette fois-ci \u00e0 un voyage dans Venise, qu&#8217;il habite de ses dieux, titans et h\u00e9ros de la mythologie. &#8220;Lorsqu\u2019on peint Venise, on a cette sensation d&#8217;\u00eatre compl\u00e8tement amoureux de cette cit\u00e9 lacustre qui \u00e9veille tous nos sens.&#8221;. \u200bVenise est le support parfait pour son imaginaire. La mythologie trouvera donc toute sa &hellip; Continue reading &quot;D\u00e9los \u00e0 Venise&quot;\" \/>\n<meta property=\"og:url\" content=\"https:\/\/delos-art.com\/index.php\/delos-a-venise\/\" \/>\n<meta property=\"og:site_name\" content=\"Delos Art GALLERY\" \/>\n<meta property=\"article:modified_time\" content=\"2023-09-21T10:54:51+00:00\" \/>\n<meta property=\"og:image\" content=\"https:\/\/delos-art.com\/wp-content\/uploads\/2023\/08\/affiche-venise-724x1024.jpg\" \/>\n<meta name=\"twitter:card\" content=\"summary_large_image\" \/>\n<meta name=\"twitter:label1\" content=\"Est. reading time\">\n\t<meta name=\"twitter:data1\" content=\"5 minutes\">\n<script type=\"application\/ld+json\" class=\"yoast-schema-graph\">{\"@context\":\"https:\/\/schema.org\",\"@graph\":[{\"@type\":\"WebSite\",\"@id\":\"https:\/\/delos-art.com\/#website\",\"url\":\"https:\/\/delos-art.com\/\",\"name\":\"Delos Art GALLERY\",\"description\":\"DELOS LE PEINTRE DES DIEUX, H\\u00c9ROS ET MYTHOLOGIES\",\"potentialAction\":[{\"@type\":\"SearchAction\",\"target\":\"https:\/\/delos-art.com\/?s={search_term_string}\",\"query-input\":\"required name=search_term_string\"}],\"inLanguage\":\"en-US\"},{\"@type\":\"ImageObject\",\"@id\":\"https:\/\/delos-art.com\/index.php\/delos-a-venise\/#primaryimage\",\"inLanguage\":\"en-US\",\"url\":\"https:\/\/delos-art.com\/wp-content\/uploads\/2023\/08\/affiche-venise-scaled.jpg\",\"contentUrl\":\"https:\/\/delos-art.com\/wp-content\/uploads\/2023\/08\/affiche-venise-scaled.jpg\",\"width\":1810,\"height\":2560},{\"@type\":\"WebPage\",\"@id\":\"https:\/\/delos-art.com\/index.php\/delos-a-venise\/#webpage\",\"url\":\"https:\/\/delos-art.com\/index.php\/delos-a-venise\/\",\"name\":\"D\\u00e9los \\u00e0 Venise - Delos Art GALLERY\",\"isPartOf\":{\"@id\":\"https:\/\/delos-art.com\/#website\"},\"primaryImageOfPage\":{\"@id\":\"https:\/\/delos-art.com\/index.php\/delos-a-venise\/#primaryimage\"},\"datePublished\":\"2023-08-13T07:28:09+00:00\",\"dateModified\":\"2023-09-21T10:54:51+00:00\",\"breadcrumb\":{\"@id\":\"https:\/\/delos-art.com\/index.php\/delos-a-venise\/#breadcrumb\"},\"inLanguage\":\"en-US\",\"potentialAction\":[{\"@type\":\"ReadAction\",\"target\":[\"https:\/\/delos-art.com\/index.php\/delos-a-venise\/\"]}]},{\"@type\":\"BreadcrumbList\",\"@id\":\"https:\/\/delos-art.com\/index.php\/delos-a-venise\/#breadcrumb\",\"itemListElement\":[{\"@type\":\"ListItem\",\"position\":1,\"item\":{\"@type\":\"WebPage\",\"@id\":\"https:\/\/delos-art.com\/\",\"url\":\"https:\/\/delos-art.com\/\",\"name\":\"Accueil\"}},{\"@type\":\"ListItem\",\"position\":2,\"item\":{\"@type\":\"WebPage\",\"@id\":\"https:\/\/delos-art.com\/index.php\/delos-a-venise\/\",\"url\":\"https:\/\/delos-art.com\/index.php\/delos-a-venise\/\",\"name\":\"D\\u00e9los \\u00e0 Venise\"}}]}]}<\/script>\n<!-- \/ Yoast SEO plugin. -->","_links":{"self":[{"href":"https:\/\/delos-art.com\/index.php\/wp-json\/wp\/v2\/pages\/541"}],"collection":[{"href":"https:\/\/delos-art.com\/index.php\/wp-json\/wp\/v2\/pages"}],"about":[{"href":"https:\/\/delos-art.com\/index.php\/wp-json\/wp\/v2\/types\/page"}],"author":[{"embeddable":true,"href":"https:\/\/delos-art.com\/index.php\/wp-json\/wp\/v2\/users\/1"}],"replies":[{"embeddable":true,"href":"https:\/\/delos-art.com\/index.php\/wp-json\/wp\/v2\/comments?post=541"}],"version-history":[{"count":2,"href":"https:\/\/delos-art.com\/index.php\/wp-json\/wp\/v2\/pages\/541\/revisions"}],"predecessor-version":[{"id":624,"href":"https:\/\/delos-art.com\/index.php\/wp-json\/wp\/v2\/pages\/541\/revisions\/624"}],"wp:attachment":[{"href":"https:\/\/delos-art.com\/index.php\/wp-json\/wp\/v2\/media?parent=541"}],"curies":[{"name":"wp","href":"https:\/\/api.w.org\/{rel}","templated":true}]}}