{"id":529,"date":"2023-05-09T13:25:43","date_gmt":"2023-05-09T11:25:43","guid":{"rendered":"https:\/\/delos-art.com\/?page_id=529"},"modified":"2023-05-09T13:31:05","modified_gmt":"2023-05-09T11:31:05","slug":"pintura-sobre-piedra","status":"publish","type":"page","link":"https:\/\/delos-art.com\/index.php\/es\/pintura-sobre-piedra\/","title":{"rendered":"PINTURA SOBRE PIEDRA"},"content":{"rendered":"\n<p id=\"block-5c428392-6b8a-410a-bc7e-39f34184747f\">Desde unos 3  a\u00f1os hago un trabajo muy importante de pintura sobre piedras. <\/p>\n\n\n\n<p>La inspiraci\u00f3n me vino de las Islas Canarias donde paso el invierno en la hermosa isla de Gran Canaria. Camino por las monta\u00f1as y recojo hermosas piedras de todos los tama\u00f1os.<\/p>\n\n\n\n<figure class=\"wp-block-image\" id=\"block-28e03c67-1e16-404e-8770-c76f8b0251a4\"><img src=\"https:\/\/delos-art.com\/wp-content\/uploads\/2023\/05\/IMG_6544-1024x748.jpeg\" alt=\"This image has an empty alt attribute; its file name is IMG_6544-1024x748.jpeg\"\/><\/figure>\n\n\n\n<figure class=\"wp-block-embed is-type-video is-provider-youtube wp-block-embed-youtube wp-embed-aspect-16-9 wp-has-aspect-ratio\"><div class=\"wp-block-embed__wrapper\">\n<iframe loading=\"lazy\" title=\"DELOS  FRED PAINT ON STONES - Homoerotic ART\" width=\"525\" height=\"295\" src=\"https:\/\/www.youtube.com\/embed\/ri51sDNw7qs?feature=oembed\" frameborder=\"0\" allow=\"accelerometer; autoplay; clipboard-write; encrypted-media; gyroscope; picture-in-picture; web-share\" allowfullscreen><\/iframe>\n<\/div><\/figure>\n\n\n\n<p><\/p>\n\n\n\n<figure class=\"wp-block-image\" id=\"block-637116e8-d83e-47ce-8873-b70eaabfe8af\"><img src=\"https:\/\/delos-art.com\/wp-content\/uploads\/2023\/05\/IMG_7564-1024x490.jpeg\" alt=\"\"\/><\/figure>\n\n\n\n<figure class=\"wp-block-image\"><img loading=\"lazy\" width=\"795\" height=\"1024\" src=\"https:\/\/delos-art.com\/wp-content\/uploads\/2023\/05\/IMG_8705-2-795x1024.jpeg\" alt=\"\" class=\"wp-image-524\" srcset=\"https:\/\/delos-art.com\/wp-content\/uploads\/2023\/05\/IMG_8705-2-795x1024.jpeg 795w, https:\/\/delos-art.com\/wp-content\/uploads\/2023\/05\/IMG_8705-2-233x300.jpeg 233w, https:\/\/delos-art.com\/wp-content\/uploads\/2023\/05\/IMG_8705-2-768x989.jpeg 768w, https:\/\/delos-art.com\/wp-content\/uploads\/2023\/05\/IMG_8705-2-1193x1536.jpeg 1193w, https:\/\/delos-art.com\/wp-content\/uploads\/2023\/05\/IMG_8705-2-1591x2048.jpeg 1591w, https:\/\/delos-art.com\/wp-content\/uploads\/2023\/05\/IMG_8705-2-350x451.jpeg 350w, https:\/\/delos-art.com\/wp-content\/uploads\/2023\/05\/IMG_8705-2-scaled.jpeg 1988w\" sizes=\"(max-width: 706px) 89vw, (max-width: 767px) 82vw, 740px\" \/><\/figure>\n\n\n\n<p id=\"block-8c50adcb-0866-4f6a-88e2-49231a503780\">This last work is made in 3D volume with 3 assembled stones and a Canary lizard<\/p>\n\n\n\n<figure class=\"wp-block-image\"><img loading=\"lazy\" width=\"1024\" height=\"556\" src=\"https:\/\/delos-art.com\/wp-content\/uploads\/2023\/05\/IMG_7023-1-1024x556.jpeg\" alt=\"\" class=\"wp-image-525\" srcset=\"https:\/\/delos-art.com\/wp-content\/uploads\/2023\/05\/IMG_7023-1-1024x556.jpeg 1024w, https:\/\/delos-art.com\/wp-content\/uploads\/2023\/05\/IMG_7023-1-300x163.jpeg 300w, https:\/\/delos-art.com\/wp-content\/uploads\/2023\/05\/IMG_7023-1-768x417.jpeg 768w, https:\/\/delos-art.com\/wp-content\/uploads\/2023\/05\/IMG_7023-1-1536x833.jpeg 1536w, https:\/\/delos-art.com\/wp-content\/uploads\/2023\/05\/IMG_7023-1-2048x1111.jpeg 2048w, https:\/\/delos-art.com\/wp-content\/uploads\/2023\/05\/IMG_7023-1-350x190.jpeg 350w\" sizes=\"(max-width: 706px) 89vw, (max-width: 767px) 82vw, 740px\" \/><\/figure>\n\n\n\n<figure class=\"wp-block-image\"><img alt=\"\"\/><\/figure>\n\n\n\n<ul><li><img src=\"https:\/\/delos-art.com\/wp-content\/uploads\/2023\/05\/IMG_7289-1024x856.jpeg\" alt=\"\"><\/li><li><img src=\"https:\/\/delos-art.com\/wp-content\/uploads\/2023\/05\/IMG_7024-1024x693.jpeg\" alt=\"\"><\/li><li><img src=\"https:\/\/delos-art.com\/wp-content\/uploads\/2023\/05\/IMG_8705-795x1024.jpeg\" alt=\"\"><\/li><li><img src=\"https:\/\/delos-art.com\/wp-content\/uploads\/2023\/05\/IMG_9083-585x1024.jpeg\" alt=\"\"><\/li><li><img src=\"https:\/\/delos-art.com\/wp-content\/uploads\/2023\/05\/IMG_9701-729x1024.jpeg\" alt=\"\"><\/li><li><img src=\"https:\/\/delos-art.com\/wp-content\/uploads\/2023\/05\/IMG_7582-768x1024.jpeg\" alt=\"\"><\/li><li><img src=\"https:\/\/delos-art.com\/wp-content\/uploads\/2023\/05\/IMG_1059-700x1024.jpeg\" alt=\"\"><\/li><\/ul>\n","protected":false},"excerpt":{"rendered":"<p>Desde unos 3 a\u00f1os hago un trabajo muy importante de pintura sobre piedras. La inspiraci\u00f3n me vino de las Islas Canarias donde paso el invierno en la hermosa isla de Gran Canaria. Camino por las monta\u00f1as y recojo hermosas piedras de todos los tama\u00f1os. This last work is made in 3D volume with 3 assembled &hellip; <\/p>\n<p class=\"link-more\"><a href=\"https:\/\/delos-art.com\/index.php\/es\/pintura-sobre-piedra\/\" class=\"more-link\">Continue reading<span class=\"screen-reader-text\"> &#8220;PINTURA SOBRE PIEDRA&#8221;<\/span><\/a><\/p>\n","protected":false},"author":1,"featured_media":0,"parent":0,"menu_order":0,"comment_status":"closed","ping_status":"closed","template":"","meta":[],"yoast_head":"<!-- This site is optimized with the Yoast SEO plugin v16.1.1 - https:\/\/yoast.com\/wordpress\/plugins\/seo\/ -->\n<title>PINTURA SOBRE PIEDRA - Delos Art GALLERY<\/title>\n<link rel=\"canonical\" href=\"https:\/\/delos-art.com\/index.php\/es\/pintura-sobre-piedra\/\" \/>\n<meta property=\"og:locale\" content=\"en_US\" \/>\n<meta property=\"og:type\" content=\"article\" \/>\n<meta property=\"og:title\" content=\"PINTURA SOBRE PIEDRA - Delos Art GALLERY\" \/>\n<meta property=\"og:description\" content=\"Desde unos 3 a\u00f1os hago un trabajo muy importante de pintura sobre piedras. La inspiraci\u00f3n me vino de las Islas Canarias donde paso el invierno en la hermosa isla de Gran Canaria. Camino por las monta\u00f1as y recojo hermosas piedras de todos los tama\u00f1os. This last work is made in 3D volume with 3 assembled &hellip; Continue reading &quot;PINTURA SOBRE PIEDRA&quot;\" \/>\n<meta property=\"og:url\" content=\"https:\/\/delos-art.com\/index.php\/es\/pintura-sobre-piedra\/\" \/>\n<meta property=\"og:site_name\" content=\"Delos Art GALLERY\" \/>\n<meta property=\"article:modified_time\" content=\"2023-05-09T11:31:05+00:00\" \/>\n<meta property=\"og:image\" content=\"https:\/\/delos-art.com\/wp-content\/uploads\/2023\/05\/IMG_6544-1024x748.jpeg\" \/>\n<meta name=\"twitter:card\" content=\"summary_large_image\" \/>\n<meta name=\"twitter:label1\" content=\"Est. reading time\">\n\t<meta name=\"twitter:data1\" content=\"3 minutes\">\n<script type=\"application\/ld+json\" class=\"yoast-schema-graph\">{\"@context\":\"https:\/\/schema.org\",\"@graph\":[{\"@type\":\"WebSite\",\"@id\":\"https:\/\/delos-art.com\/#website\",\"url\":\"https:\/\/delos-art.com\/\",\"name\":\"Delos Art GALLERY\",\"description\":\"DELOS LE PEINTRE DES DIEUX, H\\u00c9ROS ET MYTHOLOGIES\",\"potentialAction\":[{\"@type\":\"SearchAction\",\"target\":\"https:\/\/delos-art.com\/?s={search_term_string}\",\"query-input\":\"required name=search_term_string\"}],\"inLanguage\":\"en-US\"},{\"@type\":\"ImageObject\",\"@id\":\"https:\/\/delos-art.com\/index.php\/es\/pintura-sobre-piedra\/#primaryimage\",\"inLanguage\":\"en-US\",\"url\":\"https:\/\/delos-art.com\/wp-content\/uploads\/2023\/05\/IMG_6544-1024x748.jpeg\",\"contentUrl\":\"https:\/\/delos-art.com\/wp-content\/uploads\/2023\/05\/IMG_6544-1024x748.jpeg\"},{\"@type\":\"WebPage\",\"@id\":\"https:\/\/delos-art.com\/index.php\/es\/pintura-sobre-piedra\/#webpage\",\"url\":\"https:\/\/delos-art.com\/index.php\/es\/pintura-sobre-piedra\/\",\"name\":\"PINTURA SOBRE PIEDRA - Delos Art GALLERY\",\"isPartOf\":{\"@id\":\"https:\/\/delos-art.com\/#website\"},\"primaryImageOfPage\":{\"@id\":\"https:\/\/delos-art.com\/index.php\/es\/pintura-sobre-piedra\/#primaryimage\"},\"datePublished\":\"2023-05-09T11:25:43+00:00\",\"dateModified\":\"2023-05-09T11:31:05+00:00\",\"breadcrumb\":{\"@id\":\"https:\/\/delos-art.com\/index.php\/es\/pintura-sobre-piedra\/#breadcrumb\"},\"inLanguage\":\"en-US\",\"potentialAction\":[{\"@type\":\"ReadAction\",\"target\":[\"https:\/\/delos-art.com\/index.php\/es\/pintura-sobre-piedra\/\"]}]},{\"@type\":\"BreadcrumbList\",\"@id\":\"https:\/\/delos-art.com\/index.php\/es\/pintura-sobre-piedra\/#breadcrumb\",\"itemListElement\":[{\"@type\":\"ListItem\",\"position\":1,\"item\":{\"@type\":\"WebPage\",\"@id\":\"https:\/\/delos-art.com\/\",\"url\":\"https:\/\/delos-art.com\/\",\"name\":\"Accueil\"}},{\"@type\":\"ListItem\",\"position\":2,\"item\":{\"@type\":\"WebPage\",\"@id\":\"https:\/\/delos-art.com\/index.php\/es\/pintura-sobre-piedra\/\",\"url\":\"https:\/\/delos-art.com\/index.php\/es\/pintura-sobre-piedra\/\",\"name\":\"PINTURA SOBRE PIEDRA\"}}]}]}<\/script>\n<!-- \/ Yoast SEO plugin. -->","_links":{"self":[{"href":"https:\/\/delos-art.com\/index.php\/wp-json\/wp\/v2\/pages\/529"}],"collection":[{"href":"https:\/\/delos-art.com\/index.php\/wp-json\/wp\/v2\/pages"}],"about":[{"href":"https:\/\/delos-art.com\/index.php\/wp-json\/wp\/v2\/types\/page"}],"author":[{"embeddable":true,"href":"https:\/\/delos-art.com\/index.php\/wp-json\/wp\/v2\/users\/1"}],"replies":[{"embeddable":true,"href":"https:\/\/delos-art.com\/index.php\/wp-json\/wp\/v2\/comments?post=529"}],"version-history":[{"count":3,"href":"https:\/\/delos-art.com\/index.php\/wp-json\/wp\/v2\/pages\/529\/revisions"}],"predecessor-version":[{"id":535,"href":"https:\/\/delos-art.com\/index.php\/wp-json\/wp\/v2\/pages\/529\/revisions\/535"}],"wp:attachment":[{"href":"https:\/\/delos-art.com\/index.php\/wp-json\/wp\/v2\/media?parent=529"}],"curies":[{"name":"wp","href":"https:\/\/api.w.org\/{rel}","templated":true}]}}