{"id":498,"date":"2023-05-05T10:43:16","date_gmt":"2023-05-05T08:43:16","guid":{"rendered":"https:\/\/delos-art.com\/?page_id=498"},"modified":"2023-05-05T11:03:11","modified_gmt":"2023-05-05T09:03:11","slug":"peinture-sur-pierre","status":"publish","type":"page","link":"https:\/\/delos-art.com\/index.php\/peinture-sur-pierre\/","title":{"rendered":"Peinture sur pierre des Canaries"},"content":{"rendered":"\n<p>Je peins beaucoup depuis 3 ans sur des pierres . L inspiration m&#8217;est venue aux Canaries o\u00f9 je passe l&#8217;hiver dans la belle \u00eele de Gran Canaria. Je me prom\u00e8ne dans les montagnes et je r\u00e9colte de belles pierres de toutes tailles.<\/p>\n\n\n\n<p><\/p>\n\n\n\n<figure class=\"wp-block-embed is-type-video is-provider-youtube wp-block-embed-youtube wp-embed-aspect-16-9 wp-has-aspect-ratio\"><div class=\"wp-block-embed__wrapper\">\n<iframe loading=\"lazy\" title=\"DELOS  FRED PAINT ON STONES - Homoerotic ART\" width=\"525\" height=\"295\" src=\"https:\/\/www.youtube.com\/embed\/ri51sDNw7qs?feature=oembed\" frameborder=\"0\" allow=\"accelerometer; autoplay; clipboard-write; encrypted-media; gyroscope; picture-in-picture; web-share\" allowfullscreen><\/iframe>\n<\/div><\/figure>\n\n\n\n<figure class=\"wp-block-image size-large\"><img loading=\"lazy\" width=\"1024\" height=\"748\" src=\"https:\/\/delos-art.com\/wp-content\/uploads\/2023\/05\/IMG_6544-1024x748.jpeg\" alt=\"\" class=\"wp-image-501\" srcset=\"https:\/\/delos-art.com\/wp-content\/uploads\/2023\/05\/IMG_6544-1024x748.jpeg 1024w, https:\/\/delos-art.com\/wp-content\/uploads\/2023\/05\/IMG_6544-300x219.jpeg 300w, https:\/\/delos-art.com\/wp-content\/uploads\/2023\/05\/IMG_6544-768x561.jpeg 768w, https:\/\/delos-art.com\/wp-content\/uploads\/2023\/05\/IMG_6544-1536x1122.jpeg 1536w, https:\/\/delos-art.com\/wp-content\/uploads\/2023\/05\/IMG_6544-2048x1497.jpeg 2048w, https:\/\/delos-art.com\/wp-content\/uploads\/2023\/05\/IMG_6544-350x256.jpeg 350w\" sizes=\"(max-width: 706px) 89vw, (max-width: 767px) 82vw, 740px\" \/><\/figure>\n\n\n\n<figure class=\"wp-block-gallery columns-3 is-cropped\"><ul class=\"blocks-gallery-grid\"><li class=\"blocks-gallery-item\"><figure><img loading=\"lazy\" width=\"1024\" height=\"490\" src=\"https:\/\/delos-art.com\/wp-content\/uploads\/2023\/05\/IMG_7564-1024x490.jpeg\" alt=\"\" data-id=\"503\" data-link=\"https:\/\/delos-art.com\/index.php\/peinture-sur-pierre\/img_7564\/\" class=\"wp-image-503\" srcset=\"https:\/\/delos-art.com\/wp-content\/uploads\/2023\/05\/IMG_7564-1024x490.jpeg 1024w, https:\/\/delos-art.com\/wp-content\/uploads\/2023\/05\/IMG_7564-300x144.jpeg 300w, https:\/\/delos-art.com\/wp-content\/uploads\/2023\/05\/IMG_7564-768x367.jpeg 768w, https:\/\/delos-art.com\/wp-content\/uploads\/2023\/05\/IMG_7564-1536x735.jpeg 1536w, https:\/\/delos-art.com\/wp-content\/uploads\/2023\/05\/IMG_7564-2048x980.jpeg 2048w, https:\/\/delos-art.com\/wp-content\/uploads\/2023\/05\/IMG_7564-350x167.jpeg 350w\" sizes=\"(max-width: 706px) 89vw, (max-width: 767px) 82vw, 740px\" \/><\/figure><\/li><li class=\"blocks-gallery-item\"><figure><img loading=\"lazy\" width=\"1024\" height=\"856\" src=\"https:\/\/delos-art.com\/wp-content\/uploads\/2023\/05\/IMG_7289-1024x856.jpeg\" alt=\"\" data-id=\"504\" data-link=\"https:\/\/delos-art.com\/index.php\/peinture-sur-pierre\/img_7289\/\" class=\"wp-image-504\" srcset=\"https:\/\/delos-art.com\/wp-content\/uploads\/2023\/05\/IMG_7289-1024x856.jpeg 1024w, https:\/\/delos-art.com\/wp-content\/uploads\/2023\/05\/IMG_7289-300x251.jpeg 300w, https:\/\/delos-art.com\/wp-content\/uploads\/2023\/05\/IMG_7289-768x642.jpeg 768w, https:\/\/delos-art.com\/wp-content\/uploads\/2023\/05\/IMG_7289-1536x1284.jpeg 1536w, https:\/\/delos-art.com\/wp-content\/uploads\/2023\/05\/IMG_7289-2048x1712.jpeg 2048w, https:\/\/delos-art.com\/wp-content\/uploads\/2023\/05\/IMG_7289-350x293.jpeg 350w\" sizes=\"(max-width: 706px) 89vw, (max-width: 767px) 82vw, 740px\" \/><\/figure><\/li><li class=\"blocks-gallery-item\"><figure><img loading=\"lazy\" width=\"1024\" height=\"693\" src=\"https:\/\/delos-art.com\/wp-content\/uploads\/2023\/05\/IMG_7024-1024x693.jpeg\" alt=\"\" data-id=\"505\" data-link=\"https:\/\/delos-art.com\/index.php\/peinture-sur-pierre\/img_7024\/\" class=\"wp-image-505\" srcset=\"https:\/\/delos-art.com\/wp-content\/uploads\/2023\/05\/IMG_7024-1024x693.jpeg 1024w, https:\/\/delos-art.com\/wp-content\/uploads\/2023\/05\/IMG_7024-300x203.jpeg 300w, https:\/\/delos-art.com\/wp-content\/uploads\/2023\/05\/IMG_7024-768x520.jpeg 768w, https:\/\/delos-art.com\/wp-content\/uploads\/2023\/05\/IMG_7024-1536x1040.jpeg 1536w, https:\/\/delos-art.com\/wp-content\/uploads\/2023\/05\/IMG_7024-2048x1386.jpeg 2048w, https:\/\/delos-art.com\/wp-content\/uploads\/2023\/05\/IMG_7024-350x237.jpeg 350w\" sizes=\"(max-width: 706px) 89vw, (max-width: 767px) 82vw, 740px\" \/><\/figure><\/li><li class=\"blocks-gallery-item\"><figure><img loading=\"lazy\" width=\"1024\" height=\"556\" src=\"https:\/\/delos-art.com\/wp-content\/uploads\/2023\/05\/IMG_7023-1024x556.jpeg\" alt=\"\" data-id=\"506\" data-link=\"https:\/\/delos-art.com\/index.php\/peinture-sur-pierre\/img_7023-2\/\" class=\"wp-image-506\" srcset=\"https:\/\/delos-art.com\/wp-content\/uploads\/2023\/05\/IMG_7023-1024x556.jpeg 1024w, https:\/\/delos-art.com\/wp-content\/uploads\/2023\/05\/IMG_7023-300x163.jpeg 300w, https:\/\/delos-art.com\/wp-content\/uploads\/2023\/05\/IMG_7023-768x417.jpeg 768w, https:\/\/delos-art.com\/wp-content\/uploads\/2023\/05\/IMG_7023-1536x833.jpeg 1536w, https:\/\/delos-art.com\/wp-content\/uploads\/2023\/05\/IMG_7023-2048x1111.jpeg 2048w, https:\/\/delos-art.com\/wp-content\/uploads\/2023\/05\/IMG_7023-350x190.jpeg 350w\" sizes=\"(max-width: 706px) 89vw, (max-width: 767px) 82vw, 740px\" \/><\/figure><\/li><li class=\"blocks-gallery-item\"><figure><img loading=\"lazy\" width=\"795\" height=\"1024\" src=\"https:\/\/delos-art.com\/wp-content\/uploads\/2023\/05\/IMG_8705-795x1024.jpeg\" alt=\"\" data-id=\"507\" data-link=\"https:\/\/delos-art.com\/index.php\/peinture-sur-pierre\/img_8705\/\" class=\"wp-image-507\" srcset=\"https:\/\/delos-art.com\/wp-content\/uploads\/2023\/05\/IMG_8705-795x1024.jpeg 795w, https:\/\/delos-art.com\/wp-content\/uploads\/2023\/05\/IMG_8705-233x300.jpeg 233w, https:\/\/delos-art.com\/wp-content\/uploads\/2023\/05\/IMG_8705-768x989.jpeg 768w, https:\/\/delos-art.com\/wp-content\/uploads\/2023\/05\/IMG_8705-1193x1536.jpeg 1193w, https:\/\/delos-art.com\/wp-content\/uploads\/2023\/05\/IMG_8705-1591x2048.jpeg 1591w, https:\/\/delos-art.com\/wp-content\/uploads\/2023\/05\/IMG_8705-350x451.jpeg 350w, https:\/\/delos-art.com\/wp-content\/uploads\/2023\/05\/IMG_8705-scaled.jpeg 1988w\" sizes=\"(max-width: 706px) 89vw, (max-width: 767px) 82vw, 740px\" \/><\/figure><\/li><li class=\"blocks-gallery-item\"><figure><img loading=\"lazy\" width=\"585\" height=\"1024\" src=\"https:\/\/delos-art.com\/wp-content\/uploads\/2023\/05\/IMG_9083-585x1024.jpeg\" alt=\"\" data-id=\"508\" data-link=\"https:\/\/delos-art.com\/index.php\/peinture-sur-pierre\/img_9083\/\" class=\"wp-image-508\" srcset=\"https:\/\/delos-art.com\/wp-content\/uploads\/2023\/05\/IMG_9083-585x1024.jpeg 585w, https:\/\/delos-art.com\/wp-content\/uploads\/2023\/05\/IMG_9083-172x300.jpeg 172w, https:\/\/delos-art.com\/wp-content\/uploads\/2023\/05\/IMG_9083-768x1343.jpeg 768w, https:\/\/delos-art.com\/wp-content\/uploads\/2023\/05\/IMG_9083-878x1536.jpeg 878w, https:\/\/delos-art.com\/wp-content\/uploads\/2023\/05\/IMG_9083-1171x2048.jpeg 1171w, https:\/\/delos-art.com\/wp-content\/uploads\/2023\/05\/IMG_9083-350x612.jpeg 350w, https:\/\/delos-art.com\/wp-content\/uploads\/2023\/05\/IMG_9083-scaled.jpeg 1463w\" sizes=\"(max-width: 585px) 100vw, 585px\" \/><\/figure><\/li><li class=\"blocks-gallery-item\"><figure><img loading=\"lazy\" width=\"729\" height=\"1024\" src=\"https:\/\/delos-art.com\/wp-content\/uploads\/2023\/05\/IMG_9701-729x1024.jpeg\" alt=\"\" data-id=\"509\" data-link=\"https:\/\/delos-art.com\/index.php\/peinture-sur-pierre\/img_9701\/\" class=\"wp-image-509\" srcset=\"https:\/\/delos-art.com\/wp-content\/uploads\/2023\/05\/IMG_9701-729x1024.jpeg 729w, https:\/\/delos-art.com\/wp-content\/uploads\/2023\/05\/IMG_9701-214x300.jpeg 214w, https:\/\/delos-art.com\/wp-content\/uploads\/2023\/05\/IMG_9701-768x1078.jpeg 768w, https:\/\/delos-art.com\/wp-content\/uploads\/2023\/05\/IMG_9701-1094x1536.jpeg 1094w, https:\/\/delos-art.com\/wp-content\/uploads\/2023\/05\/IMG_9701-1458x2048.jpeg 1458w, https:\/\/delos-art.com\/wp-content\/uploads\/2023\/05\/IMG_9701-350x491.jpeg 350w, https:\/\/delos-art.com\/wp-content\/uploads\/2023\/05\/IMG_9701-scaled.jpeg 1823w\" sizes=\"(max-width: 729px) 100vw, 729px\" \/><\/figure><\/li><li class=\"blocks-gallery-item\"><figure><img loading=\"lazy\" width=\"768\" height=\"1024\" src=\"https:\/\/delos-art.com\/wp-content\/uploads\/2023\/05\/IMG_7582-768x1024.jpeg\" alt=\"\" data-id=\"510\" data-link=\"https:\/\/delos-art.com\/index.php\/peinture-sur-pierre\/img_7582\/\" class=\"wp-image-510\" srcset=\"https:\/\/delos-art.com\/wp-content\/uploads\/2023\/05\/IMG_7582-768x1024.jpeg 768w, https:\/\/delos-art.com\/wp-content\/uploads\/2023\/05\/IMG_7582-225x300.jpeg 225w, https:\/\/delos-art.com\/wp-content\/uploads\/2023\/05\/IMG_7582-1152x1536.jpeg 1152w, https:\/\/delos-art.com\/wp-content\/uploads\/2023\/05\/IMG_7582-1536x2048.jpeg 1536w, https:\/\/delos-art.com\/wp-content\/uploads\/2023\/05\/IMG_7582-350x467.jpeg 350w, https:\/\/delos-art.com\/wp-content\/uploads\/2023\/05\/IMG_7582-scaled.jpeg 1920w\" sizes=\"(max-width: 706px) 89vw, (max-width: 767px) 82vw, 740px\" \/><\/figure><\/li><li class=\"blocks-gallery-item\"><figure><img loading=\"lazy\" width=\"700\" height=\"1024\" src=\"https:\/\/delos-art.com\/wp-content\/uploads\/2023\/05\/IMG_1059-700x1024.jpeg\" alt=\"\" data-id=\"511\" data-link=\"https:\/\/delos-art.com\/index.php\/peinture-sur-pierre\/img_1059\/\" class=\"wp-image-511\" srcset=\"https:\/\/delos-art.com\/wp-content\/uploads\/2023\/05\/IMG_1059-700x1024.jpeg 700w, https:\/\/delos-art.com\/wp-content\/uploads\/2023\/05\/IMG_1059-205x300.jpeg 205w, https:\/\/delos-art.com\/wp-content\/uploads\/2023\/05\/IMG_1059-768x1124.jpeg 768w, https:\/\/delos-art.com\/wp-content\/uploads\/2023\/05\/IMG_1059-1050x1536.jpeg 1050w, https:\/\/delos-art.com\/wp-content\/uploads\/2023\/05\/IMG_1059-1400x2048.jpeg 1400w, https:\/\/delos-art.com\/wp-content\/uploads\/2023\/05\/IMG_1059-350x512.jpeg 350w, https:\/\/delos-art.com\/wp-content\/uploads\/2023\/05\/IMG_1059-scaled.jpeg 1750w\" sizes=\"(max-width: 700px) 100vw, 700px\" \/><\/figure><\/li><li class=\"blocks-gallery-item\"><figure><img loading=\"lazy\" width=\"795\" height=\"1024\" src=\"https:\/\/delos-art.com\/wp-content\/uploads\/2023\/05\/IMG_8705-1-795x1024.jpeg\" alt=\"\" data-id=\"513\" data-full-url=\"https:\/\/delos-art.com\/wp-content\/uploads\/2023\/05\/IMG_8705-1-scaled.jpeg\" data-link=\"https:\/\/delos-art.com\/index.php\/peinture-sur-pierre\/img_8705-1\/\" class=\"wp-image-513\" srcset=\"https:\/\/delos-art.com\/wp-content\/uploads\/2023\/05\/IMG_8705-1-795x1024.jpeg 795w, https:\/\/delos-art.com\/wp-content\/uploads\/2023\/05\/IMG_8705-1-233x300.jpeg 233w, https:\/\/delos-art.com\/wp-content\/uploads\/2023\/05\/IMG_8705-1-768x989.jpeg 768w, https:\/\/delos-art.com\/wp-content\/uploads\/2023\/05\/IMG_8705-1-1193x1536.jpeg 1193w, https:\/\/delos-art.com\/wp-content\/uploads\/2023\/05\/IMG_8705-1-1591x2048.jpeg 1591w, https:\/\/delos-art.com\/wp-content\/uploads\/2023\/05\/IMG_8705-1-350x451.jpeg 350w, https:\/\/delos-art.com\/wp-content\/uploads\/2023\/05\/IMG_8705-1-scaled.jpeg 1988w\" sizes=\"(max-width: 706px) 89vw, (max-width: 767px) 82vw, 740px\" \/><\/figure><\/li><\/ul><\/figure>\n\n\n\n<p>Cette derni\u00e8re oeuvre est r\u00e9alis\u00e9 en volume 3D avec 3 pierres assembl\u00e9es et un l\u00e9zard des Canaries<\/p>\n","protected":false},"excerpt":{"rendered":"<p>Je peins beaucoup depuis 3 ans sur des pierres . L inspiration m&#8217;est venue aux Canaries o\u00f9 je passe l&#8217;hiver dans la belle \u00eele de Gran Canaria. Je me prom\u00e8ne dans les montagnes et je r\u00e9colte de belles pierres de toutes tailles. Cette derni\u00e8re oeuvre est r\u00e9alis\u00e9 en volume 3D avec 3 pierres assembl\u00e9es et &hellip; <\/p>\n<p class=\"link-more\"><a href=\"https:\/\/delos-art.com\/index.php\/peinture-sur-pierre\/\" class=\"more-link\">Continue reading<span class=\"screen-reader-text\"> &#8220;Peinture sur pierre des Canaries&#8221;<\/span><\/a><\/p>\n","protected":false},"author":1,"featured_media":0,"parent":0,"menu_order":0,"comment_status":"closed","ping_status":"closed","template":"","meta":[],"yoast_head":"<!-- This site is optimized with the Yoast SEO plugin v16.1.1 - https:\/\/yoast.com\/wordpress\/plugins\/seo\/ -->\n<title>Peinture sur pierre des Canaries - Delos Art GALLERY<\/title>\n<link rel=\"canonical\" href=\"https:\/\/delos-art.com\/index.php\/peinture-sur-pierre\/\" \/>\n<meta property=\"og:locale\" content=\"en_US\" \/>\n<meta property=\"og:type\" content=\"article\" \/>\n<meta property=\"og:title\" content=\"Peinture sur pierre des Canaries - Delos Art GALLERY\" \/>\n<meta property=\"og:description\" content=\"Je peins beaucoup depuis 3 ans sur des pierres . L inspiration m&#8217;est venue aux Canaries o\u00f9 je passe l&#8217;hiver dans la belle \u00eele de Gran Canaria. Je me prom\u00e8ne dans les montagnes et je r\u00e9colte de belles pierres de toutes tailles. Cette derni\u00e8re oeuvre est r\u00e9alis\u00e9 en volume 3D avec 3 pierres assembl\u00e9es et &hellip; Continue reading &quot;Peinture sur pierre des Canaries&quot;\" \/>\n<meta property=\"og:url\" content=\"https:\/\/delos-art.com\/index.php\/peinture-sur-pierre\/\" \/>\n<meta property=\"og:site_name\" content=\"Delos Art GALLERY\" \/>\n<meta property=\"article:modified_time\" content=\"2023-05-05T09:03:11+00:00\" \/>\n<meta property=\"og:image\" content=\"https:\/\/delos-art.com\/wp-content\/uploads\/2023\/05\/IMG_6544-1024x748.jpeg\" \/>\n<meta name=\"twitter:card\" content=\"summary_large_image\" \/>\n<meta name=\"twitter:label1\" content=\"Est. reading time\">\n\t<meta name=\"twitter:data1\" content=\"3 minutes\">\n<script type=\"application\/ld+json\" class=\"yoast-schema-graph\">{\"@context\":\"https:\/\/schema.org\",\"@graph\":[{\"@type\":\"WebSite\",\"@id\":\"https:\/\/delos-art.com\/#website\",\"url\":\"https:\/\/delos-art.com\/\",\"name\":\"Delos Art GALLERY\",\"description\":\"DELOS LE PEINTRE DES DIEUX, H\\u00c9ROS ET MYTHOLOGIES\",\"potentialAction\":[{\"@type\":\"SearchAction\",\"target\":\"https:\/\/delos-art.com\/?s={search_term_string}\",\"query-input\":\"required name=search_term_string\"}],\"inLanguage\":\"en-US\"},{\"@type\":\"ImageObject\",\"@id\":\"https:\/\/delos-art.com\/index.php\/peinture-sur-pierre\/#primaryimage\",\"inLanguage\":\"en-US\",\"url\":\"https:\/\/delos-art.com\/wp-content\/uploads\/2023\/05\/IMG_6544-1024x748.jpeg\",\"contentUrl\":\"https:\/\/delos-art.com\/wp-content\/uploads\/2023\/05\/IMG_6544-1024x748.jpeg\"},{\"@type\":\"WebPage\",\"@id\":\"https:\/\/delos-art.com\/index.php\/peinture-sur-pierre\/#webpage\",\"url\":\"https:\/\/delos-art.com\/index.php\/peinture-sur-pierre\/\",\"name\":\"Peinture sur pierre des Canaries - Delos Art GALLERY\",\"isPartOf\":{\"@id\":\"https:\/\/delos-art.com\/#website\"},\"primaryImageOfPage\":{\"@id\":\"https:\/\/delos-art.com\/index.php\/peinture-sur-pierre\/#primaryimage\"},\"datePublished\":\"2023-05-05T08:43:16+00:00\",\"dateModified\":\"2023-05-05T09:03:11+00:00\",\"breadcrumb\":{\"@id\":\"https:\/\/delos-art.com\/index.php\/peinture-sur-pierre\/#breadcrumb\"},\"inLanguage\":\"en-US\",\"potentialAction\":[{\"@type\":\"ReadAction\",\"target\":[\"https:\/\/delos-art.com\/index.php\/peinture-sur-pierre\/\"]}]},{\"@type\":\"BreadcrumbList\",\"@id\":\"https:\/\/delos-art.com\/index.php\/peinture-sur-pierre\/#breadcrumb\",\"itemListElement\":[{\"@type\":\"ListItem\",\"position\":1,\"item\":{\"@type\":\"WebPage\",\"@id\":\"https:\/\/delos-art.com\/\",\"url\":\"https:\/\/delos-art.com\/\",\"name\":\"Accueil\"}},{\"@type\":\"ListItem\",\"position\":2,\"item\":{\"@type\":\"WebPage\",\"@id\":\"https:\/\/delos-art.com\/index.php\/peinture-sur-pierre\/\",\"url\":\"https:\/\/delos-art.com\/index.php\/peinture-sur-pierre\/\",\"name\":\"Peinture sur pierre des Canaries\"}}]}]}<\/script>\n<!-- \/ Yoast SEO plugin. -->","_links":{"self":[{"href":"https:\/\/delos-art.com\/index.php\/wp-json\/wp\/v2\/pages\/498"}],"collection":[{"href":"https:\/\/delos-art.com\/index.php\/wp-json\/wp\/v2\/pages"}],"about":[{"href":"https:\/\/delos-art.com\/index.php\/wp-json\/wp\/v2\/types\/page"}],"author":[{"embeddable":true,"href":"https:\/\/delos-art.com\/index.php\/wp-json\/wp\/v2\/users\/1"}],"replies":[{"embeddable":true,"href":"https:\/\/delos-art.com\/index.php\/wp-json\/wp\/v2\/comments?post=498"}],"version-history":[{"count":5,"href":"https:\/\/delos-art.com\/index.php\/wp-json\/wp\/v2\/pages\/498\/revisions"}],"predecessor-version":[{"id":522,"href":"https:\/\/delos-art.com\/index.php\/wp-json\/wp\/v2\/pages\/498\/revisions\/522"}],"wp:attachment":[{"href":"https:\/\/delos-art.com\/index.php\/wp-json\/wp\/v2\/media?parent=498"}],"curies":[{"name":"wp","href":"https:\/\/api.w.org\/{rel}","templated":true}]}}