{"id":383,"date":"2020-11-26T18:17:45","date_gmt":"2020-11-26T17:17:45","guid":{"rendered":"https:\/\/delos-art.com\/?page_id=383"},"modified":"2020-12-01T10:08:34","modified_gmt":"2020-12-01T09:08:34","slug":"collection-gris-nus-masculins-delos","status":"publish","type":"page","link":"https:\/\/delos-art.com\/index.php\/collection-gris-nus-masculins-delos\/","title":{"rendered":"Collection gris : nus masculins Delos"},"content":{"rendered":"<h1>Collection gris : nus masculins Delos 2020<\/h1>\n<p>Delos a commenc\u00e9 en 2020 une s\u00e9rie sur papier gris avec un m\u00e9lange de pastel, crayon noir, crayons de couleur et retouches de peintures \u00e0 l&#8217;huile.<\/p>\n<p><a href=\"https:\/\/delos-art.com\/wp-content\/uploads\/2020\/11\/Unis-dans-la-lumiere.jpg\"><img loading=\"lazy\" class=\"alignnone size-full wp-image-387\" src=\"https:\/\/delos-art.com\/wp-content\/uploads\/2020\/11\/Unis-dans-la-lumiere.jpg\" alt=\"\" width=\"2499\" height=\"3641\" \/><\/a><\/p>\n<p><strong>Unis dans la lumi\u00e8re<\/strong> . Pastel et huile sur papier gris\u00a0 70x50cm . Mod\u00e8les Ben \/ J\u00e9sus \/ Thomas \/ Hugo.<\/p>\n<p>&nbsp;<\/p>\n<p><a href=\"https:\/\/delos-art.com\/wp-content\/uploads\/2020\/11\/Nu-sur-fond-gris.jpg\"><img loading=\"lazy\" class=\"alignnone size-full wp-image-388\" src=\"https:\/\/delos-art.com\/wp-content\/uploads\/2020\/11\/Nu-sur-fond-gris.jpg\" alt=\"\" width=\"2320\" height=\"3417\" \/><\/a><\/p>\n<p>Etude nu masculin sur fond Gris . Pastel et\u00a0 crayon sur papier Gris 30 x 40 cm. Mod\u00e8le Photographe Enrique Toribio.<\/p>\n<p><a href=\"https:\/\/delos-art.com\/wp-content\/uploads\/2020\/11\/IMG_2083photo-full.jpg\"><img loading=\"lazy\" class=\"alignnone size-full wp-image-384\" src=\"https:\/\/delos-art.com\/wp-content\/uploads\/2020\/11\/IMG_2083photo-full.jpg\" alt=\"\" width=\"2225\" height=\"3621\" \/><\/a><\/p>\n<p>Etude Ange Nu . Pastel et huile sur papier Gris 30 x 40 cm. Mod\u00e8le Jean-Marie<\/p>\n<p><a href=\"https:\/\/delos-art.com\/wp-content\/uploads\/2020\/11\/IMG_22071.jpg\"><img loading=\"lazy\" class=\"alignnone size-full wp-image-396\" src=\"https:\/\/delos-art.com\/wp-content\/uploads\/2020\/11\/IMG_22071.jpg\" alt=\"\" width=\"2628\" height=\"3615\" \/><\/a><\/p>\n<p>Etude Ange Nu . Pastel et huile sur papier Gris 30 x 40 cm. Mod\u00e8le Jean-Marie<\/p>\n<p><a href=\"https:\/\/delos-art.com\/wp-content\/uploads\/2020\/11\/IMG_1648-2.jpg\"><img loading=\"lazy\" class=\"alignnone size-full wp-image-397\" src=\"https:\/\/delos-art.com\/wp-content\/uploads\/2020\/11\/IMG_1648-2.jpg\" alt=\"\" width=\"2586\" height=\"3771\" \/><\/a><\/p>\n<p>Etude Nu . Pastel et huile sur papier Gris 30 x 40 cm. Mod\u00e8le Jean-Marie<\/p>\n<p><a href=\"https:\/\/delos-art.com\/wp-content\/uploads\/2020\/11\/IMG_1296photo-full.jpg\"><img loading=\"lazy\" class=\"alignnone size-full wp-image-385\" src=\"https:\/\/delos-art.com\/wp-content\/uploads\/2020\/11\/IMG_1296photo-full.jpg\" alt=\"\" width=\"3814\" height=\"2466\" \/><\/a><\/p>\n<p>Etude Nu . Pastel et huile sur papier Gris 30 x 40 cm. Mod\u00e8le Jean-Marie<\/p>\n<p>&nbsp;<\/p>\n<p><a href=\"https:\/\/delos-art.com\/wp-content\/uploads\/2020\/11\/IMG_1388photo-full.jpg\"><img loading=\"lazy\" class=\"alignnone size-full wp-image-386\" src=\"https:\/\/delos-art.com\/wp-content\/uploads\/2020\/11\/IMG_1388photo-full.jpg\" alt=\"\" width=\"2652\" height=\"3631\" \/><\/a><\/p>\n<p>Etude Nu . Pastel et huile sur papier Gris 30 x 40 cm. Mod\u00e8le Jean-Marie<\/p>\n<p><a href=\"https:\/\/delos-art.com\/wp-content\/uploads\/2020\/12\/IMG_3132.jpg\"><img loading=\"lazy\" class=\"alignnone size-full wp-image-394\" src=\"https:\/\/delos-art.com\/wp-content\/uploads\/2020\/12\/IMG_3132.jpg\" alt=\"\" width=\"2737\" height=\"3845\" \/><\/a><\/p>\n<p>Danseurs . Pastel et huile sur papier Gris 30 x 40 cm. Mod\u00e8les Reginaldo \/ Nicolas Aguilera<\/p>\n","protected":false},"excerpt":{"rendered":"<p>Collection gris : nus masculins Delos 2020 Delos a commenc\u00e9 en 2020 une s\u00e9rie sur papier gris avec un m\u00e9lange de pastel, crayon noir, crayons de couleur et retouches de peintures \u00e0 l&#8217;huile. Unis dans la lumi\u00e8re . Pastel et huile sur papier gris\u00a0 70x50cm . Mod\u00e8les Ben \/ J\u00e9sus \/ Thomas \/ Hugo. &nbsp; &hellip; <\/p>\n<p class=\"link-more\"><a href=\"https:\/\/delos-art.com\/index.php\/collection-gris-nus-masculins-delos\/\" class=\"more-link\">Continue reading<span class=\"screen-reader-text\"> &#8220;Collection gris : nus masculins Delos&#8221;<\/span><\/a><\/p>\n","protected":false},"author":1,"featured_media":0,"parent":0,"menu_order":0,"comment_status":"closed","ping_status":"closed","template":"","meta":[],"yoast_head":"<!-- This site is optimized with the Yoast SEO plugin v16.1.1 - https:\/\/yoast.com\/wordpress\/plugins\/seo\/ -->\n<title>Collection gris : nus masculins Delos - Delos Art GALLERY<\/title>\n<link rel=\"canonical\" href=\"https:\/\/delos-art.com\/index.php\/collection-gris-nus-masculins-delos\/\" \/>\n<meta property=\"og:locale\" content=\"en_US\" \/>\n<meta property=\"og:type\" content=\"article\" \/>\n<meta property=\"og:title\" content=\"Collection gris : nus masculins Delos - Delos Art GALLERY\" \/>\n<meta property=\"og:description\" content=\"Collection gris : nus masculins Delos 2020 Delos a commenc\u00e9 en 2020 une s\u00e9rie sur papier gris avec un m\u00e9lange de pastel, crayon noir, crayons de couleur et retouches de peintures \u00e0 l&#8217;huile. Unis dans la lumi\u00e8re . Pastel et huile sur papier gris\u00a0 70x50cm . Mod\u00e8les Ben \/ J\u00e9sus \/ Thomas \/ Hugo. &nbsp; &hellip; Continue reading &quot;Collection gris : nus masculins Delos&quot;\" \/>\n<meta property=\"og:url\" content=\"https:\/\/delos-art.com\/index.php\/collection-gris-nus-masculins-delos\/\" \/>\n<meta property=\"og:site_name\" content=\"Delos Art GALLERY\" \/>\n<meta property=\"article:modified_time\" content=\"2020-12-01T09:08:34+00:00\" \/>\n<meta property=\"og:image\" content=\"https:\/\/delos-art.com\/wp-content\/uploads\/2020\/11\/Unis-dans-la-lumiere.jpg\" \/>\n<meta name=\"twitter:card\" content=\"summary_large_image\" \/>\n<meta name=\"twitter:label1\" content=\"Est. reading time\">\n\t<meta name=\"twitter:data1\" content=\"1 minute\">\n<script type=\"application\/ld+json\" class=\"yoast-schema-graph\">{\"@context\":\"https:\/\/schema.org\",\"@graph\":[{\"@type\":\"WebSite\",\"@id\":\"https:\/\/delos-art.com\/#website\",\"url\":\"https:\/\/delos-art.com\/\",\"name\":\"Delos Art GALLERY\",\"description\":\"DELOS LE PEINTRE DES DIEUX, H\\u00c9ROS ET MYTHOLOGIES\",\"potentialAction\":[{\"@type\":\"SearchAction\",\"target\":\"https:\/\/delos-art.com\/?s={search_term_string}\",\"query-input\":\"required name=search_term_string\"}],\"inLanguage\":\"en-US\"},{\"@type\":\"ImageObject\",\"@id\":\"https:\/\/delos-art.com\/index.php\/collection-gris-nus-masculins-delos\/#primaryimage\",\"inLanguage\":\"en-US\",\"url\":\"https:\/\/delos-art.com\/wp-content\/uploads\/2020\/11\/Unis-dans-la-lumiere.jpg\",\"contentUrl\":\"https:\/\/delos-art.com\/wp-content\/uploads\/2020\/11\/Unis-dans-la-lumiere.jpg\"},{\"@type\":\"WebPage\",\"@id\":\"https:\/\/delos-art.com\/index.php\/collection-gris-nus-masculins-delos\/#webpage\",\"url\":\"https:\/\/delos-art.com\/index.php\/collection-gris-nus-masculins-delos\/\",\"name\":\"Collection gris : nus masculins Delos - Delos Art GALLERY\",\"isPartOf\":{\"@id\":\"https:\/\/delos-art.com\/#website\"},\"primaryImageOfPage\":{\"@id\":\"https:\/\/delos-art.com\/index.php\/collection-gris-nus-masculins-delos\/#primaryimage\"},\"datePublished\":\"2020-11-26T17:17:45+00:00\",\"dateModified\":\"2020-12-01T09:08:34+00:00\",\"breadcrumb\":{\"@id\":\"https:\/\/delos-art.com\/index.php\/collection-gris-nus-masculins-delos\/#breadcrumb\"},\"inLanguage\":\"en-US\",\"potentialAction\":[{\"@type\":\"ReadAction\",\"target\":[\"https:\/\/delos-art.com\/index.php\/collection-gris-nus-masculins-delos\/\"]}]},{\"@type\":\"BreadcrumbList\",\"@id\":\"https:\/\/delos-art.com\/index.php\/collection-gris-nus-masculins-delos\/#breadcrumb\",\"itemListElement\":[{\"@type\":\"ListItem\",\"position\":1,\"item\":{\"@type\":\"WebPage\",\"@id\":\"https:\/\/delos-art.com\/\",\"url\":\"https:\/\/delos-art.com\/\",\"name\":\"Accueil\"}},{\"@type\":\"ListItem\",\"position\":2,\"item\":{\"@type\":\"WebPage\",\"@id\":\"https:\/\/delos-art.com\/index.php\/collection-gris-nus-masculins-delos\/\",\"url\":\"https:\/\/delos-art.com\/index.php\/collection-gris-nus-masculins-delos\/\",\"name\":\"Collection gris : nus masculins Delos\"}}]}]}<\/script>\n<!-- \/ Yoast SEO plugin. -->","_links":{"self":[{"href":"https:\/\/delos-art.com\/index.php\/wp-json\/wp\/v2\/pages\/383"}],"collection":[{"href":"https:\/\/delos-art.com\/index.php\/wp-json\/wp\/v2\/pages"}],"about":[{"href":"https:\/\/delos-art.com\/index.php\/wp-json\/wp\/v2\/types\/page"}],"author":[{"embeddable":true,"href":"https:\/\/delos-art.com\/index.php\/wp-json\/wp\/v2\/users\/1"}],"replies":[{"embeddable":true,"href":"https:\/\/delos-art.com\/index.php\/wp-json\/wp\/v2\/comments?post=383"}],"version-history":[{"count":3,"href":"https:\/\/delos-art.com\/index.php\/wp-json\/wp\/v2\/pages\/383\/revisions"}],"predecessor-version":[{"id":399,"href":"https:\/\/delos-art.com\/index.php\/wp-json\/wp\/v2\/pages\/383\/revisions\/399"}],"wp:attachment":[{"href":"https:\/\/delos-art.com\/index.php\/wp-json\/wp\/v2\/media?parent=383"}],"curies":[{"name":"wp","href":"https:\/\/api.w.org\/{rel}","templated":true}]}}