{"id":247,"date":"2018-03-17T13:23:54","date_gmt":"2018-03-17T12:23:54","guid":{"rendered":"http:\/\/delos-art.com\/?page_id=247"},"modified":"2023-09-22T13:01:52","modified_gmt":"2023-09-22T11:01:52","slug":"delos-el-pintor-de-dioses-heroes-y-mitologias","status":"publish","type":"page","link":"https:\/\/delos-art.com\/index.php\/es\/delos-el-pintor-de-dioses-heroes-y-mitologias\/","title":{"rendered":"DELOS EL PINTOR DE DIOSES, H\u00c9ROES Y MITOLOG\u00cdAS"},"content":{"rendered":"\n<p>Exposicion de Fred DELOS en Venezia . GUIDECCA ART SPACE &#8211; Agosto 2023<\/p>\n\n\n\n<figure class=\"wp-block-gallery columns-3 is-cropped\"><ul class=\"blocks-gallery-grid\"><li class=\"blocks-gallery-item\"><figure><img loading=\"lazy\" width=\"724\" height=\"1024\" src=\"https:\/\/delos-art.com\/wp-content\/uploads\/2023\/09\/affiche-venise-3-724x1024.jpg\" alt=\"\" data-id=\"665\" data-full-url=\"https:\/\/delos-art.com\/wp-content\/uploads\/2023\/09\/affiche-venise-3-scaled.jpg\" data-link=\"https:\/\/delos-art.com\/index.php\/es\/delos-el-pintor-de-dioses-heroes-y-mitologias\/affiche-venise-3\/\" class=\"wp-image-665\" srcset=\"https:\/\/delos-art.com\/wp-content\/uploads\/2023\/09\/affiche-venise-3-724x1024.jpg 724w, https:\/\/delos-art.com\/wp-content\/uploads\/2023\/09\/affiche-venise-3-212x300.jpg 212w, https:\/\/delos-art.com\/wp-content\/uploads\/2023\/09\/affiche-venise-3-768x1086.jpg 768w, https:\/\/delos-art.com\/wp-content\/uploads\/2023\/09\/affiche-venise-3-1086x1536.jpg 1086w, https:\/\/delos-art.com\/wp-content\/uploads\/2023\/09\/affiche-venise-3-1448x2048.jpg 1448w, https:\/\/delos-art.com\/wp-content\/uploads\/2023\/09\/affiche-venise-3-350x495.jpg 350w, https:\/\/delos-art.com\/wp-content\/uploads\/2023\/09\/affiche-venise-3-scaled.jpg 1810w\" sizes=\"(max-width: 724px) 100vw, 724px\" \/><\/figure><\/li><li class=\"blocks-gallery-item\"><figure><img loading=\"lazy\" width=\"600\" height=\"1024\" src=\"https:\/\/delos-art.com\/wp-content\/uploads\/2023\/09\/32a77537-906e-4a32-958d-b1cc25d6f217-4-600x1024.jpg\" alt=\"\" data-id=\"666\" data-full-url=\"https:\/\/delos-art.com\/wp-content\/uploads\/2023\/09\/32a77537-906e-4a32-958d-b1cc25d6f217-4.jpg\" data-link=\"https:\/\/delos-art.com\/index.php\/es\/delos-el-pintor-de-dioses-heroes-y-mitologias\/32a77537-906e-4a32-958d-b1cc25d6f217-4\/\" class=\"wp-image-666\" srcset=\"https:\/\/delos-art.com\/wp-content\/uploads\/2023\/09\/32a77537-906e-4a32-958d-b1cc25d6f217-4-600x1024.jpg 600w, https:\/\/delos-art.com\/wp-content\/uploads\/2023\/09\/32a77537-906e-4a32-958d-b1cc25d6f217-4-176x300.jpg 176w, https:\/\/delos-art.com\/wp-content\/uploads\/2023\/09\/32a77537-906e-4a32-958d-b1cc25d6f217-4-768x1311.jpg 768w, https:\/\/delos-art.com\/wp-content\/uploads\/2023\/09\/32a77537-906e-4a32-958d-b1cc25d6f217-4-900x1536.jpg 900w, https:\/\/delos-art.com\/wp-content\/uploads\/2023\/09\/32a77537-906e-4a32-958d-b1cc25d6f217-4-350x598.jpg 350w, https:\/\/delos-art.com\/wp-content\/uploads\/2023\/09\/32a77537-906e-4a32-958d-b1cc25d6f217-4.jpg 1199w\" sizes=\"(max-width: 600px) 100vw, 600px\" \/><\/figure><\/li><li class=\"blocks-gallery-item\"><figure><img loading=\"lazy\" width=\"585\" height=\"1024\" src=\"https:\/\/delos-art.com\/wp-content\/uploads\/2023\/09\/IMG_7608-6-585x1024.jpeg\" alt=\"\" data-id=\"667\" data-full-url=\"https:\/\/delos-art.com\/wp-content\/uploads\/2023\/09\/IMG_7608-6-scaled.jpeg\" data-link=\"https:\/\/delos-art.com\/index.php\/es\/delos-el-pintor-de-dioses-heroes-y-mitologias\/img_7608-6\/\" class=\"wp-image-667\" srcset=\"https:\/\/delos-art.com\/wp-content\/uploads\/2023\/09\/IMG_7608-6-585x1024.jpeg 585w, https:\/\/delos-art.com\/wp-content\/uploads\/2023\/09\/IMG_7608-6-171x300.jpeg 171w, https:\/\/delos-art.com\/wp-content\/uploads\/2023\/09\/IMG_7608-6-768x1345.jpeg 768w, https:\/\/delos-art.com\/wp-content\/uploads\/2023\/09\/IMG_7608-6-877x1536.jpeg 877w, https:\/\/delos-art.com\/wp-content\/uploads\/2023\/09\/IMG_7608-6-1169x2048.jpeg 1169w, https:\/\/delos-art.com\/wp-content\/uploads\/2023\/09\/IMG_7608-6-350x613.jpeg 350w, https:\/\/delos-art.com\/wp-content\/uploads\/2023\/09\/IMG_7608-6-scaled.jpeg 1462w\" sizes=\"(max-width: 585px) 100vw, 585px\" \/><\/figure><\/li><li class=\"blocks-gallery-item\"><figure><img loading=\"lazy\" width=\"1024\" height=\"768\" src=\"https:\/\/delos-art.com\/wp-content\/uploads\/2023\/09\/26f62421-fab2-4210-aa08-6e9ff2cdeca2-6-1024x768.jpg\" alt=\"\" data-id=\"668\" data-full-url=\"https:\/\/delos-art.com\/wp-content\/uploads\/2023\/09\/26f62421-fab2-4210-aa08-6e9ff2cdeca2-6.jpg\" data-link=\"https:\/\/delos-art.com\/index.php\/es\/delos-el-pintor-de-dioses-heroes-y-mitologias\/26f62421-fab2-4210-aa08-6e9ff2cdeca2-6\/\" class=\"wp-image-668\" srcset=\"https:\/\/delos-art.com\/wp-content\/uploads\/2023\/09\/26f62421-fab2-4210-aa08-6e9ff2cdeca2-6-1024x768.jpg 1024w, https:\/\/delos-art.com\/wp-content\/uploads\/2023\/09\/26f62421-fab2-4210-aa08-6e9ff2cdeca2-6-300x225.jpg 300w, https:\/\/delos-art.com\/wp-content\/uploads\/2023\/09\/26f62421-fab2-4210-aa08-6e9ff2cdeca2-6-768x576.jpg 768w, https:\/\/delos-art.com\/wp-content\/uploads\/2023\/09\/26f62421-fab2-4210-aa08-6e9ff2cdeca2-6-1536x1152.jpg 1536w, https:\/\/delos-art.com\/wp-content\/uploads\/2023\/09\/26f62421-fab2-4210-aa08-6e9ff2cdeca2-6-350x263.jpg 350w, https:\/\/delos-art.com\/wp-content\/uploads\/2023\/09\/26f62421-fab2-4210-aa08-6e9ff2cdeca2-6.jpg 2048w\" sizes=\"(max-width: 706px) 89vw, (max-width: 767px) 82vw, 740px\" \/><\/figure><\/li><li class=\"blocks-gallery-item\"><figure><img loading=\"lazy\" width=\"1024\" height=\"768\" src=\"https:\/\/delos-art.com\/wp-content\/uploads\/2023\/09\/IMG_7466-6-1024x768.jpeg\" alt=\"\" data-id=\"669\" data-full-url=\"https:\/\/delos-art.com\/wp-content\/uploads\/2023\/09\/IMG_7466-6-scaled.jpeg\" data-link=\"https:\/\/delos-art.com\/index.php\/es\/delos-el-pintor-de-dioses-heroes-y-mitologias\/img_7466-6\/\" class=\"wp-image-669\" srcset=\"https:\/\/delos-art.com\/wp-content\/uploads\/2023\/09\/IMG_7466-6-1024x768.jpeg 1024w, https:\/\/delos-art.com\/wp-content\/uploads\/2023\/09\/IMG_7466-6-300x225.jpeg 300w, https:\/\/delos-art.com\/wp-content\/uploads\/2023\/09\/IMG_7466-6-768x576.jpeg 768w, https:\/\/delos-art.com\/wp-content\/uploads\/2023\/09\/IMG_7466-6-1536x1152.jpeg 1536w, https:\/\/delos-art.com\/wp-content\/uploads\/2023\/09\/IMG_7466-6-2048x1536.jpeg 2048w, https:\/\/delos-art.com\/wp-content\/uploads\/2023\/09\/IMG_7466-6-350x263.jpeg 350w\" sizes=\"(max-width: 706px) 89vw, (max-width: 767px) 82vw, 740px\" \/><\/figure><\/li><li class=\"blocks-gallery-item\"><figure><img loading=\"lazy\" width=\"1024\" height=\"768\" src=\"https:\/\/delos-art.com\/wp-content\/uploads\/2023\/09\/IMG_7467-5-1024x768.jpeg\" alt=\"\" data-id=\"670\" data-full-url=\"https:\/\/delos-art.com\/wp-content\/uploads\/2023\/09\/IMG_7467-5-scaled.jpeg\" data-link=\"https:\/\/delos-art.com\/index.php\/es\/delos-el-pintor-de-dioses-heroes-y-mitologias\/img_7467-5\/\" class=\"wp-image-670\" srcset=\"https:\/\/delos-art.com\/wp-content\/uploads\/2023\/09\/IMG_7467-5-1024x768.jpeg 1024w, https:\/\/delos-art.com\/wp-content\/uploads\/2023\/09\/IMG_7467-5-300x225.jpeg 300w, https:\/\/delos-art.com\/wp-content\/uploads\/2023\/09\/IMG_7467-5-768x576.jpeg 768w, https:\/\/delos-art.com\/wp-content\/uploads\/2023\/09\/IMG_7467-5-1536x1152.jpeg 1536w, https:\/\/delos-art.com\/wp-content\/uploads\/2023\/09\/IMG_7467-5-2048x1536.jpeg 2048w, https:\/\/delos-art.com\/wp-content\/uploads\/2023\/09\/IMG_7467-5-350x263.jpeg 350w\" sizes=\"(max-width: 706px) 89vw, (max-width: 767px) 82vw, 740px\" \/><\/figure><\/li><li class=\"blocks-gallery-item\"><figure><img loading=\"lazy\" width=\"1024\" height=\"619\" src=\"https:\/\/delos-art.com\/wp-content\/uploads\/2023\/09\/IMG_7439-5-1024x619.jpeg\" alt=\"\" data-id=\"671\" data-full-url=\"https:\/\/delos-art.com\/wp-content\/uploads\/2023\/09\/IMG_7439-5-scaled.jpeg\" data-link=\"https:\/\/delos-art.com\/index.php\/es\/delos-el-pintor-de-dioses-heroes-y-mitologias\/img_7439-5\/\" class=\"wp-image-671\" srcset=\"https:\/\/delos-art.com\/wp-content\/uploads\/2023\/09\/IMG_7439-5-1024x619.jpeg 1024w, https:\/\/delos-art.com\/wp-content\/uploads\/2023\/09\/IMG_7439-5-300x181.jpeg 300w, https:\/\/delos-art.com\/wp-content\/uploads\/2023\/09\/IMG_7439-5-768x465.jpeg 768w, https:\/\/delos-art.com\/wp-content\/uploads\/2023\/09\/IMG_7439-5-1536x929.jpeg 1536w, https:\/\/delos-art.com\/wp-content\/uploads\/2023\/09\/IMG_7439-5-2048x1239.jpeg 2048w, https:\/\/delos-art.com\/wp-content\/uploads\/2023\/09\/IMG_7439-5-350x212.jpeg 350w\" sizes=\"(max-width: 706px) 89vw, (max-width: 767px) 82vw, 740px\" \/><\/figure><\/li><li class=\"blocks-gallery-item\"><figure><img loading=\"lazy\" width=\"1024\" height=\"768\" src=\"https:\/\/delos-art.com\/wp-content\/uploads\/2023\/09\/c364d601-d79f-4eda-8b05-2202ecdf4bb6-3-1024x768.jpg\" alt=\"\" data-id=\"672\" data-full-url=\"https:\/\/delos-art.com\/wp-content\/uploads\/2023\/09\/c364d601-d79f-4eda-8b05-2202ecdf4bb6-3.jpg\" data-link=\"https:\/\/delos-art.com\/index.php\/es\/delos-el-pintor-de-dioses-heroes-y-mitologias\/c364d601-d79f-4eda-8b05-2202ecdf4bb6-3\/\" class=\"wp-image-672\" srcset=\"https:\/\/delos-art.com\/wp-content\/uploads\/2023\/09\/c364d601-d79f-4eda-8b05-2202ecdf4bb6-3-1024x768.jpg 1024w, https:\/\/delos-art.com\/wp-content\/uploads\/2023\/09\/c364d601-d79f-4eda-8b05-2202ecdf4bb6-3-300x225.jpg 300w, https:\/\/delos-art.com\/wp-content\/uploads\/2023\/09\/c364d601-d79f-4eda-8b05-2202ecdf4bb6-3-768x576.jpg 768w, https:\/\/delos-art.com\/wp-content\/uploads\/2023\/09\/c364d601-d79f-4eda-8b05-2202ecdf4bb6-3-1536x1152.jpg 1536w, https:\/\/delos-art.com\/wp-content\/uploads\/2023\/09\/c364d601-d79f-4eda-8b05-2202ecdf4bb6-3-350x263.jpg 350w, https:\/\/delos-art.com\/wp-content\/uploads\/2023\/09\/c364d601-d79f-4eda-8b05-2202ecdf4bb6-3.jpg 2048w\" sizes=\"(max-width: 706px) 89vw, (max-width: 767px) 82vw, 740px\" \/><\/figure><\/li><li class=\"blocks-gallery-item\"><figure><img loading=\"lazy\" width=\"1024\" height=\"768\" src=\"https:\/\/delos-art.com\/wp-content\/uploads\/2023\/09\/46198a4a-520c-4363-801e-099b5f559dea-4-1024x768.jpg\" alt=\"\" data-id=\"673\" data-full-url=\"https:\/\/delos-art.com\/wp-content\/uploads\/2023\/09\/46198a4a-520c-4363-801e-099b5f559dea-4.jpg\" data-link=\"https:\/\/delos-art.com\/index.php\/es\/delos-el-pintor-de-dioses-heroes-y-mitologias\/46198a4a-520c-4363-801e-099b5f559dea-4\/\" class=\"wp-image-673\" srcset=\"https:\/\/delos-art.com\/wp-content\/uploads\/2023\/09\/46198a4a-520c-4363-801e-099b5f559dea-4-1024x768.jpg 1024w, https:\/\/delos-art.com\/wp-content\/uploads\/2023\/09\/46198a4a-520c-4363-801e-099b5f559dea-4-300x225.jpg 300w, https:\/\/delos-art.com\/wp-content\/uploads\/2023\/09\/46198a4a-520c-4363-801e-099b5f559dea-4-768x576.jpg 768w, https:\/\/delos-art.com\/wp-content\/uploads\/2023\/09\/46198a4a-520c-4363-801e-099b5f559dea-4-1536x1152.jpg 1536w, https:\/\/delos-art.com\/wp-content\/uploads\/2023\/09\/46198a4a-520c-4363-801e-099b5f559dea-4-350x263.jpg 350w, https:\/\/delos-art.com\/wp-content\/uploads\/2023\/09\/46198a4a-520c-4363-801e-099b5f559dea-4.jpg 2048w\" sizes=\"(max-width: 706px) 89vw, (max-width: 767px) 82vw, 740px\" \/><\/figure><\/li><li class=\"blocks-gallery-item\"><figure><img loading=\"lazy\" width=\"768\" height=\"1024\" src=\"https:\/\/delos-art.com\/wp-content\/uploads\/2023\/09\/IMG_7698-6-768x1024.jpeg\" alt=\"\" data-id=\"674\" data-full-url=\"https:\/\/delos-art.com\/wp-content\/uploads\/2023\/09\/IMG_7698-6-scaled.jpeg\" data-link=\"https:\/\/delos-art.com\/index.php\/es\/delos-el-pintor-de-dioses-heroes-y-mitologias\/img_7698-6\/\" class=\"wp-image-674\" srcset=\"https:\/\/delos-art.com\/wp-content\/uploads\/2023\/09\/IMG_7698-6-768x1024.jpeg 768w, https:\/\/delos-art.com\/wp-content\/uploads\/2023\/09\/IMG_7698-6-225x300.jpeg 225w, https:\/\/delos-art.com\/wp-content\/uploads\/2023\/09\/IMG_7698-6-1152x1536.jpeg 1152w, https:\/\/delos-art.com\/wp-content\/uploads\/2023\/09\/IMG_7698-6-1536x2048.jpeg 1536w, https:\/\/delos-art.com\/wp-content\/uploads\/2023\/09\/IMG_7698-6-350x467.jpeg 350w, https:\/\/delos-art.com\/wp-content\/uploads\/2023\/09\/IMG_7698-6-scaled.jpeg 1920w\" sizes=\"(max-width: 706px) 89vw, (max-width: 767px) 82vw, 740px\" \/><\/figure><\/li><li class=\"blocks-gallery-item\"><figure><img loading=\"lazy\" width=\"768\" height=\"1024\" src=\"https:\/\/delos-art.com\/wp-content\/uploads\/2023\/09\/IMG_7703-4-768x1024.jpeg\" alt=\"\" data-id=\"675\" data-full-url=\"https:\/\/delos-art.com\/wp-content\/uploads\/2023\/09\/IMG_7703-4-scaled.jpeg\" data-link=\"https:\/\/delos-art.com\/index.php\/es\/delos-el-pintor-de-dioses-heroes-y-mitologias\/img_7703-4\/\" class=\"wp-image-675\" srcset=\"https:\/\/delos-art.com\/wp-content\/uploads\/2023\/09\/IMG_7703-4-768x1024.jpeg 768w, https:\/\/delos-art.com\/wp-content\/uploads\/2023\/09\/IMG_7703-4-225x300.jpeg 225w, https:\/\/delos-art.com\/wp-content\/uploads\/2023\/09\/IMG_7703-4-1152x1536.jpeg 1152w, https:\/\/delos-art.com\/wp-content\/uploads\/2023\/09\/IMG_7703-4-1536x2048.jpeg 1536w, https:\/\/delos-art.com\/wp-content\/uploads\/2023\/09\/IMG_7703-4-350x467.jpeg 350w, https:\/\/delos-art.com\/wp-content\/uploads\/2023\/09\/IMG_7703-4-scaled.jpeg 1920w\" sizes=\"(max-width: 706px) 89vw, (max-width: 767px) 82vw, 740px\" \/><\/figure><\/li><\/ul><\/figure>\n\n\n<h1>Fr\u00e9d\u00e9ric DELOS el pintor de los dioses, heroes y mitologias<br \/>Fr\u00e9d\u00e9ric DELOS el pintor del desnudo masculino<\/h1>\n<p><img loading=\"lazy\" class=\"aligncenter wp-image-21 size-large\" src=\"http:\/\/delos-art.com\/wp-content\/uploads\/2017\/11\/Soldats-1024x491.jpg\" alt=\"\" width=\"790\" height=\"379\" srcset=\"https:\/\/delos-art.com\/wp-content\/uploads\/2017\/11\/Soldats-1024x491.jpg 1024w, https:\/\/delos-art.com\/wp-content\/uploads\/2017\/11\/Soldats-300x144.jpg 300w, https:\/\/delos-art.com\/wp-content\/uploads\/2017\/11\/Soldats-768x368.jpg 768w\" sizes=\"(max-width: 706px) 89vw, (max-width: 767px) 82vw, 740px\" \/><\/p>\n<p>Fr\u00e9d\u00e9ric DELOS es un pintor franc\u00e9s que principalmente orient\u00f3 su producci\u00f3n hacia el desnudo masculino. Su elecci\u00f3n es revelar el cuerpo masculino desnudo como una obra de arte por s\u00ed mismo y sublimarlo hasta su paroxismo.<\/p>\n<p>Pinta desde los 14 a\u00f1os y se inspira en la mitolog\u00eda y en muchas fuentes, como los pintores italianos del Quattrocento o Ingres, Poussin, Vel\u00e1zquez, Vermeer, Magritte &#8230;<\/p>\n<p>Sus obras est\u00e1n realizadas con t\u00e9cnicas muy cl\u00e1sicas de pintura al \u00f3leo sobre lienzo a las que le da un toque personal que da a la vez una sensaci\u00f3n de vida, de maravilla y de movimiento de estos personajes y cuerpos sublimes.<\/p>\n<p>El cat\u00e1logo de obras de Delos es una invitaci\u00f3n a viajar en los antiguos mitos que fueron la cuna de nuestra civilizaci\u00f3n y hoy en d\u00eda una de las bases de nuestro inconsciente colectivo. Un viaje curioso, de hecho, ya que es el privilegio del creador, la libertad del artista, establecer una elecci\u00f3n cuyas opciones, como los l\u00edmites que le da a su acr\u00f3polis privada, se eligen en virtud de sus propios sue\u00f1os de est\u00e9tica.<\/p>\n<p>Leer el diario de Delos desde 1979: <a href=\"http:\/\/magaleriedart.wordpress.com\">Journal de DELOS<\/a><\/p>\n<p>FACEBOOK: <a href=\"https:\/\/www.facebook.com\/Delos.Fred\">www.facebook.com\/Delos.Fred <\/a><\/p>\n<p>See the making off off la Pi\u00e9ta :<\/p>\n<p><iframe loading=\"lazy\" src=\"https:\/\/www.youtube.com\/embed\/D-GOJR_tpnc?rel=0&amp;autoplay=1\" width=\"670\" height=\"377\" frameborder=\"0\" allowfullscreen=\"allowfullscreen\" data-mce-fragment=\"1\"><\/iframe><\/p>\n<p><iframe loading=\"lazy\" src=\"https:\/\/www.youtube.com\/embed\/ac-ALBu8vOs?autoplay=1\" width=\"680\" height=\"377\" frameborder=\"0\" allowfullscreen=\"allowfullscreen\"><\/iframe><\/p>\n<p>A partir de ese momento, no nos sorprender\u00e1 encontrar solo ciertos dioses, ciertos h\u00e9roes, un santo entre los santos y un solo emperador entre los m\u00e1s grandes del Imperio Romano, seguramente elegido\u00a0por su gloria, sabidur\u00eda y \u00a0memorias que se conservan en la literatura y en la historia a trav\u00e9s del extraordinario destino del famoso Antinoo. Y, por \u00faltimo, algunos guerreros tan puros como anonimos, completando la serie de &#8220;Ulises&#8221; o &#8220;H\u00e9rcules&#8221; en paisajes terrestres eternos adaptados para despertar en nosotros leyendas dormidas<br \/><a href=\"http:\/\/delos-art.com\/wp-content\/uploads\/2017\/11\/IMG_4569.jpg\"><img loading=\"lazy\" class=\"alignnone size-full wp-image-51\" src=\"http:\/\/delos-art.com\/wp-content\/uploads\/2017\/11\/IMG_4569.jpg\" alt=\"\" width=\"1835\" height=\"3738\" srcset=\"https:\/\/delos-art.com\/wp-content\/uploads\/2017\/11\/IMG_4569.jpg 1835w, https:\/\/delos-art.com\/wp-content\/uploads\/2017\/11\/IMG_4569-147x300.jpg 147w, https:\/\/delos-art.com\/wp-content\/uploads\/2017\/11\/IMG_4569-768x1564.jpg 768w, https:\/\/delos-art.com\/wp-content\/uploads\/2017\/11\/IMG_4569-503x1024.jpg 503w\" sizes=\"(max-width: 706px) 89vw, (max-width: 767px) 82vw, 740px\" \/><\/a><a href=\"http:\/\/delos-art.com\/wp-content\/uploads\/2017\/11\/Expo-delos.jpg\"><img loading=\"lazy\" class=\"alignnone size-full wp-image-133\" src=\"http:\/\/delos-art.com\/wp-content\/uploads\/2017\/11\/Expo-delos.jpg\" alt=\"\" width=\"1816\" height=\"2584\" srcset=\"https:\/\/delos-art.com\/wp-content\/uploads\/2017\/11\/Expo-delos.jpg 1816w, https:\/\/delos-art.com\/wp-content\/uploads\/2017\/11\/Expo-delos-211x300.jpg 211w, https:\/\/delos-art.com\/wp-content\/uploads\/2017\/11\/Expo-delos-768x1093.jpg 768w, https:\/\/delos-art.com\/wp-content\/uploads\/2017\/11\/Expo-delos-720x1024.jpg 720w\" sizes=\"(max-width: 706px) 89vw, (max-width: 767px) 82vw, 740px\" \/><\/a><\/p>\n<p><a href=\"http:\/\/delos-art.com\/wp-content\/uploads\/2018\/03\/IMG_0752-1.jpg\"><img loading=\"lazy\" class=\"alignnone size-full wp-image-322\" src=\"http:\/\/delos-art.com\/wp-content\/uploads\/2018\/03\/IMG_0752-1.jpg\" alt=\"\" width=\"2393\" height=\"3626\" \/><\/a><\/p>","protected":false},"excerpt":{"rendered":"<p>Exposicion de Fred DELOS en Venezia . GUIDECCA ART SPACE &#8211; Agosto 2023 Fr\u00e9d\u00e9ric DELOS el pintor de los dioses, heroes y mitologiasFr\u00e9d\u00e9ric DELOS el pintor del desnudo masculino Fr\u00e9d\u00e9ric DELOS es un pintor franc\u00e9s que principalmente orient\u00f3 su producci\u00f3n hacia el desnudo masculino. Su elecci\u00f3n es revelar el cuerpo masculino desnudo como una obra &hellip; <\/p>\n<p class=\"link-more\"><a href=\"https:\/\/delos-art.com\/index.php\/es\/delos-el-pintor-de-dioses-heroes-y-mitologias\/\" class=\"more-link\">Continue reading<span class=\"screen-reader-text\"> &#8220;DELOS EL PINTOR DE DIOSES, H\u00c9ROES Y MITOLOG\u00cdAS&#8221;<\/span><\/a><\/p>\n","protected":false},"author":1,"featured_media":0,"parent":0,"menu_order":0,"comment_status":"closed","ping_status":"closed","template":"","meta":[],"yoast_head":"<!-- This site is optimized with the Yoast SEO plugin v16.1.1 - https:\/\/yoast.com\/wordpress\/plugins\/seo\/ -->\n<title>DELOS EL PINTOR DE DIOSES, H\u00c9ROES Y MITOLOG\u00cdAS - Delos Art GALLERY<\/title>\n<link rel=\"canonical\" href=\"https:\/\/delos-art.com\/index.php\/es\/delos-el-pintor-de-dioses-heroes-y-mitologias\/\" \/>\n<meta property=\"og:locale\" content=\"en_US\" \/>\n<meta property=\"og:type\" content=\"article\" \/>\n<meta property=\"og:title\" content=\"DELOS EL PINTOR DE DIOSES, H\u00c9ROES Y MITOLOG\u00cdAS - Delos Art GALLERY\" \/>\n<meta property=\"og:description\" content=\"Exposicion de Fred DELOS en Venezia . GUIDECCA ART SPACE &#8211; Agosto 2023 Fr\u00e9d\u00e9ric DELOS el pintor de los dioses, heroes y mitologiasFr\u00e9d\u00e9ric DELOS el pintor del desnudo masculino Fr\u00e9d\u00e9ric DELOS es un pintor franc\u00e9s que principalmente orient\u00f3 su producci\u00f3n hacia el desnudo masculino. Su elecci\u00f3n es revelar el cuerpo masculino desnudo como una obra &hellip; Continue reading &quot;DELOS EL PINTOR DE DIOSES, H\u00c9ROES Y MITOLOG\u00cdAS&quot;\" \/>\n<meta property=\"og:url\" content=\"https:\/\/delos-art.com\/index.php\/es\/delos-el-pintor-de-dioses-heroes-y-mitologias\/\" \/>\n<meta property=\"og:site_name\" content=\"Delos Art GALLERY\" \/>\n<meta property=\"article:modified_time\" content=\"2023-09-22T11:01:52+00:00\" \/>\n<meta property=\"og:image\" content=\"https:\/\/delos-art.com\/wp-content\/uploads\/2023\/09\/affiche-venise-3-724x1024.jpg\" \/>\n<meta name=\"twitter:card\" content=\"summary_large_image\" \/>\n<meta name=\"twitter:label1\" content=\"Est. reading time\">\n\t<meta name=\"twitter:data1\" content=\"5 minutes\">\n<script type=\"application\/ld+json\" class=\"yoast-schema-graph\">{\"@context\":\"https:\/\/schema.org\",\"@graph\":[{\"@type\":\"WebSite\",\"@id\":\"https:\/\/delos-art.com\/#website\",\"url\":\"https:\/\/delos-art.com\/\",\"name\":\"Delos Art GALLERY\",\"description\":\"DELOS LE PEINTRE DES DIEUX, H\\u00c9ROS ET MYTHOLOGIES\",\"potentialAction\":[{\"@type\":\"SearchAction\",\"target\":\"https:\/\/delos-art.com\/?s={search_term_string}\",\"query-input\":\"required name=search_term_string\"}],\"inLanguage\":\"en-US\"},{\"@type\":\"ImageObject\",\"@id\":\"https:\/\/delos-art.com\/index.php\/es\/delos-el-pintor-de-dioses-heroes-y-mitologias\/#primaryimage\",\"inLanguage\":\"en-US\",\"url\":\"https:\/\/delos-art.com\/wp-content\/uploads\/2023\/09\/affiche-venise-3-scaled.jpg\",\"contentUrl\":\"https:\/\/delos-art.com\/wp-content\/uploads\/2023\/09\/affiche-venise-3-scaled.jpg\",\"width\":1810,\"height\":2560},{\"@type\":\"WebPage\",\"@id\":\"https:\/\/delos-art.com\/index.php\/es\/delos-el-pintor-de-dioses-heroes-y-mitologias\/#webpage\",\"url\":\"https:\/\/delos-art.com\/index.php\/es\/delos-el-pintor-de-dioses-heroes-y-mitologias\/\",\"name\":\"DELOS EL PINTOR DE DIOSES, H\\u00c9ROES Y MITOLOG\\u00cdAS - Delos Art GALLERY\",\"isPartOf\":{\"@id\":\"https:\/\/delos-art.com\/#website\"},\"primaryImageOfPage\":{\"@id\":\"https:\/\/delos-art.com\/index.php\/es\/delos-el-pintor-de-dioses-heroes-y-mitologias\/#primaryimage\"},\"datePublished\":\"2018-03-17T12:23:54+00:00\",\"dateModified\":\"2023-09-22T11:01:52+00:00\",\"breadcrumb\":{\"@id\":\"https:\/\/delos-art.com\/index.php\/es\/delos-el-pintor-de-dioses-heroes-y-mitologias\/#breadcrumb\"},\"inLanguage\":\"en-US\",\"potentialAction\":[{\"@type\":\"ReadAction\",\"target\":[\"https:\/\/delos-art.com\/index.php\/es\/delos-el-pintor-de-dioses-heroes-y-mitologias\/\"]}]},{\"@type\":\"BreadcrumbList\",\"@id\":\"https:\/\/delos-art.com\/index.php\/es\/delos-el-pintor-de-dioses-heroes-y-mitologias\/#breadcrumb\",\"itemListElement\":[{\"@type\":\"ListItem\",\"position\":1,\"item\":{\"@type\":\"WebPage\",\"@id\":\"https:\/\/delos-art.com\/\",\"url\":\"https:\/\/delos-art.com\/\",\"name\":\"Accueil\"}},{\"@type\":\"ListItem\",\"position\":2,\"item\":{\"@type\":\"WebPage\",\"@id\":\"https:\/\/delos-art.com\/index.php\/es\/delos-el-pintor-de-dioses-heroes-y-mitologias\/\",\"url\":\"https:\/\/delos-art.com\/index.php\/es\/delos-el-pintor-de-dioses-heroes-y-mitologias\/\",\"name\":\"DELOS EL PINTOR DE DIOSES, H\\u00c9ROES Y MITOLOG\\u00cdAS\"}}]}]}<\/script>\n<!-- \/ Yoast SEO plugin. -->","_links":{"self":[{"href":"https:\/\/delos-art.com\/index.php\/wp-json\/wp\/v2\/pages\/247"}],"collection":[{"href":"https:\/\/delos-art.com\/index.php\/wp-json\/wp\/v2\/pages"}],"about":[{"href":"https:\/\/delos-art.com\/index.php\/wp-json\/wp\/v2\/types\/page"}],"author":[{"embeddable":true,"href":"https:\/\/delos-art.com\/index.php\/wp-json\/wp\/v2\/users\/1"}],"replies":[{"embeddable":true,"href":"https:\/\/delos-art.com\/index.php\/wp-json\/wp\/v2\/comments?post=247"}],"version-history":[{"count":8,"href":"https:\/\/delos-art.com\/index.php\/wp-json\/wp\/v2\/pages\/247\/revisions"}],"predecessor-version":[{"id":678,"href":"https:\/\/delos-art.com\/index.php\/wp-json\/wp\/v2\/pages\/247\/revisions\/678"}],"wp:attachment":[{"href":"https:\/\/delos-art.com\/index.php\/wp-json\/wp\/v2\/media?parent=247"}],"curies":[{"name":"wp","href":"https:\/\/api.w.org\/{rel}","templated":true}]}}