{"id":222,"date":"2018-03-16T19:36:31","date_gmt":"2018-03-16T18:36:31","guid":{"rendered":"http:\/\/delos-art.com\/?page_id=222"},"modified":"2018-03-16T19:36:31","modified_gmt":"2018-03-16T18:36:31","slug":"media-and-news-papers","status":"publish","type":"page","link":"https:\/\/delos-art.com\/index.php\/en\/media-and-news-papers\/","title":{"rendered":"MEDIA and News papers"},"content":{"rendered":"<p>Delos has its own Art Gallery. He has exhibited in various countries France, Spain &#8230;<img loading=\"lazy\" class=\"alignnone size-full wp-image-133\" src=\"http:\/\/delos-art.com\/wp-content\/uploads\/2017\/11\/Expo-delos.jpg\" alt=\"\" width=\"1816\" height=\"2584\" srcset=\"https:\/\/delos-art.com\/wp-content\/uploads\/2017\/11\/Expo-delos.jpg 1816w, https:\/\/delos-art.com\/wp-content\/uploads\/2017\/11\/Expo-delos-211x300.jpg 211w, https:\/\/delos-art.com\/wp-content\/uploads\/2017\/11\/Expo-delos-768x1093.jpg 768w, https:\/\/delos-art.com\/wp-content\/uploads\/2017\/11\/Expo-delos-720x1024.jpg 720w\" sizes=\"(max-width: 706px) 89vw, (max-width: 767px) 82vw, 740px\" \/><a href=\"http:\/\/delos-art.com\/wp-content\/uploads\/2017\/11\/CP-Expo-Delos-2013.pdf\"><br \/>\n<\/a><a href=\"http:\/\/delos-art.com\/wp-content\/uploads\/2017\/11\/CP-Expo-Delos-2013.pdf\">T\u00e9l\u00e9charger le Communiqu\u00e9 de presse &#8211; Expo Delos 2013<\/a><\/p>\n<p><img loading=\"lazy\" class=\"alignnone size-full wp-image-130\" src=\"http:\/\/delos-art.com\/wp-content\/uploads\/2017\/11\/Capture-d\u2019\u00e9cran-2017-12-08-\u00e0-15.07.46.png\" alt=\"\" width=\"529\" height=\"730\" srcset=\"https:\/\/delos-art.com\/wp-content\/uploads\/2017\/11\/Capture-d\u2019\u00e9cran-2017-12-08-\u00e0-15.07.46.png 529w, https:\/\/delos-art.com\/wp-content\/uploads\/2017\/11\/Capture-d\u2019\u00e9cran-2017-12-08-\u00e0-15.07.46-217x300.png 217w\" sizes=\"(max-width: 529px) 100vw, 529px\" \/><\/p>\n<p>T\u00e9l\u00e9chargez gratuitement le livre de DELOS:\u00a0<a href=\"http:\/\/delos-art.com\/wp-content\/uploads\/2017\/11\/Livre-Delos2.pdf\">Livre Delos2<\/a><\/p>\n<p><a href=\"http:\/\/delos-art.com\/wp-content\/uploads\/2017\/11\/Capture-d\u2019\u00e9cran-2017-12-08-\u00e0-15.26.45.png\"><img loading=\"lazy\" class=\"alignnone size-full wp-image-134\" src=\"http:\/\/delos-art.com\/wp-content\/uploads\/2017\/11\/Capture-d\u2019\u00e9cran-2017-12-08-\u00e0-15.26.45.png\" alt=\"\" width=\"516\" height=\"730\" srcset=\"https:\/\/delos-art.com\/wp-content\/uploads\/2017\/11\/Capture-d\u2019\u00e9cran-2017-12-08-\u00e0-15.26.45.png 516w, https:\/\/delos-art.com\/wp-content\/uploads\/2017\/11\/Capture-d\u2019\u00e9cran-2017-12-08-\u00e0-15.26.45-212x300.png 212w\" sizes=\"(max-width: 516px) 100vw, 516px\" \/><\/a><\/p>\n<p>&nbsp;<\/p>\n<p><img loading=\"lazy\" class=\"alignnone wp-image-67 size-large\" src=\"http:\/\/delos-art.com\/wp-content\/uploads\/2017\/11\/ob_050869_galerie-lee-1-1024x947.jpg\" alt=\"\" width=\"525\" height=\"486\" srcset=\"https:\/\/delos-art.com\/wp-content\/uploads\/2017\/11\/ob_050869_galerie-lee-1-1024x947.jpg 1024w, https:\/\/delos-art.com\/wp-content\/uploads\/2017\/11\/ob_050869_galerie-lee-1-300x278.jpg 300w, https:\/\/delos-art.com\/wp-content\/uploads\/2017\/11\/ob_050869_galerie-lee-1-768x710.jpg 768w, https:\/\/delos-art.com\/wp-content\/uploads\/2017\/11\/ob_050869_galerie-lee-1.jpg 1107w\" sizes=\"(max-width: 525px) 100vw, 525px\" \/><\/p>\n<p><img loading=\"lazy\" class=\"alignnone wp-image-68 size-full\" src=\"http:\/\/delos-art.com\/wp-content\/uploads\/2017\/11\/ob_712c18_article-mieumendre.jpg\" alt=\"\" width=\"498\" height=\"722\" srcset=\"https:\/\/delos-art.com\/wp-content\/uploads\/2017\/11\/ob_712c18_article-mieumendre.jpg 498w, https:\/\/delos-art.com\/wp-content\/uploads\/2017\/11\/ob_712c18_article-mieumendre-207x300.jpg 207w\" sizes=\"(max-width: 498px) 100vw, 498px\" \/> <img loading=\"lazy\" class=\"alignnone wp-image-69 size-large\" src=\"http:\/\/delos-art.com\/wp-content\/uploads\/2017\/11\/ob_d4dd9b_articlebabilonia-823x1024.jpg\" alt=\"\" width=\"525\" height=\"653\" srcset=\"https:\/\/delos-art.com\/wp-content\/uploads\/2017\/11\/ob_d4dd9b_articlebabilonia.jpg 823w, https:\/\/delos-art.com\/wp-content\/uploads\/2017\/11\/ob_d4dd9b_articlebabilonia-241x300.jpg 241w, https:\/\/delos-art.com\/wp-content\/uploads\/2017\/11\/ob_d4dd9b_articlebabilonia-768x956.jpg 768w\" sizes=\"(max-width: 525px) 100vw, 525px\" \/><\/p>\n<p><img loading=\"lazy\" class=\"alignnone wp-image-66 size-large\" src=\"http:\/\/delos-art.com\/wp-content\/uploads\/2017\/11\/ob_487f85_article-gaypied-715x1024.jpg\" alt=\"\" width=\"525\" height=\"752\" srcset=\"https:\/\/delos-art.com\/wp-content\/uploads\/2017\/11\/ob_487f85_article-gaypied.jpg 715w, https:\/\/delos-art.com\/wp-content\/uploads\/2017\/11\/ob_487f85_article-gaypied-209x300.jpg 209w\" sizes=\"(max-width: 525px) 100vw, 525px\" \/><\/p>\n","protected":false},"excerpt":{"rendered":"<p>Delos has its own Art Gallery. He has exhibited in various countries France, Spain &#8230; T\u00e9l\u00e9charger le Communiqu\u00e9 de presse &#8211; Expo Delos 2013 T\u00e9l\u00e9chargez gratuitement le livre de DELOS:\u00a0Livre Delos2 &nbsp;<\/p>\n","protected":false},"author":1,"featured_media":0,"parent":0,"menu_order":0,"comment_status":"closed","ping_status":"closed","template":"","meta":[],"yoast_head":"<!-- This site is optimized with the Yoast SEO plugin v16.1.1 - https:\/\/yoast.com\/wordpress\/plugins\/seo\/ -->\n<title>MEDIA and News papers - Delos Art GALLERY<\/title>\n<link rel=\"canonical\" href=\"https:\/\/delos-art.com\/index.php\/en\/media-and-news-papers\/\" \/>\n<meta property=\"og:locale\" content=\"en_US\" \/>\n<meta property=\"og:type\" content=\"article\" \/>\n<meta property=\"og:title\" content=\"MEDIA and News papers - Delos Art GALLERY\" \/>\n<meta property=\"og:description\" content=\"Delos has its own Art Gallery. He has exhibited in various countries France, Spain &#8230; T\u00e9l\u00e9charger le Communiqu\u00e9 de presse &#8211; Expo Delos 2013 T\u00e9l\u00e9chargez gratuitement le livre de DELOS:\u00a0Livre Delos2 &nbsp;\" \/>\n<meta property=\"og:url\" content=\"https:\/\/delos-art.com\/index.php\/en\/media-and-news-papers\/\" \/>\n<meta property=\"og:site_name\" content=\"Delos Art GALLERY\" \/>\n<meta property=\"og:image\" content=\"http:\/\/delos-art.com\/wp-content\/uploads\/2017\/11\/Expo-delos.jpg\" \/>\n<meta name=\"twitter:card\" content=\"summary_large_image\" \/>\n<script type=\"application\/ld+json\" class=\"yoast-schema-graph\">{\"@context\":\"https:\/\/schema.org\",\"@graph\":[{\"@type\":\"WebSite\",\"@id\":\"https:\/\/delos-art.com\/#website\",\"url\":\"https:\/\/delos-art.com\/\",\"name\":\"Delos Art GALLERY\",\"description\":\"DELOS LE PEINTRE DES DIEUX, H\\u00c9ROS ET MYTHOLOGIES\",\"potentialAction\":[{\"@type\":\"SearchAction\",\"target\":\"https:\/\/delos-art.com\/?s={search_term_string}\",\"query-input\":\"required name=search_term_string\"}],\"inLanguage\":\"en-US\"},{\"@type\":\"ImageObject\",\"@id\":\"https:\/\/delos-art.com\/index.php\/en\/media-and-news-papers\/#primaryimage\",\"inLanguage\":\"en-US\",\"url\":\"http:\/\/delos-art.com\/wp-content\/uploads\/2017\/11\/Expo-delos.jpg\",\"contentUrl\":\"http:\/\/delos-art.com\/wp-content\/uploads\/2017\/11\/Expo-delos.jpg\"},{\"@type\":\"WebPage\",\"@id\":\"https:\/\/delos-art.com\/index.php\/en\/media-and-news-papers\/#webpage\",\"url\":\"https:\/\/delos-art.com\/index.php\/en\/media-and-news-papers\/\",\"name\":\"MEDIA and News papers - Delos Art GALLERY\",\"isPartOf\":{\"@id\":\"https:\/\/delos-art.com\/#website\"},\"primaryImageOfPage\":{\"@id\":\"https:\/\/delos-art.com\/index.php\/en\/media-and-news-papers\/#primaryimage\"},\"datePublished\":\"2018-03-16T18:36:31+00:00\",\"dateModified\":\"2018-03-16T18:36:31+00:00\",\"breadcrumb\":{\"@id\":\"https:\/\/delos-art.com\/index.php\/en\/media-and-news-papers\/#breadcrumb\"},\"inLanguage\":\"en-US\",\"potentialAction\":[{\"@type\":\"ReadAction\",\"target\":[\"https:\/\/delos-art.com\/index.php\/en\/media-and-news-papers\/\"]}]},{\"@type\":\"BreadcrumbList\",\"@id\":\"https:\/\/delos-art.com\/index.php\/en\/media-and-news-papers\/#breadcrumb\",\"itemListElement\":[{\"@type\":\"ListItem\",\"position\":1,\"item\":{\"@type\":\"WebPage\",\"@id\":\"https:\/\/delos-art.com\/\",\"url\":\"https:\/\/delos-art.com\/\",\"name\":\"Accueil\"}},{\"@type\":\"ListItem\",\"position\":2,\"item\":{\"@type\":\"WebPage\",\"@id\":\"https:\/\/delos-art.com\/index.php\/en\/media-and-news-papers\/\",\"url\":\"https:\/\/delos-art.com\/index.php\/en\/media-and-news-papers\/\",\"name\":\"MEDIA and News papers\"}}]}]}<\/script>\n<!-- \/ Yoast SEO plugin. -->","_links":{"self":[{"href":"https:\/\/delos-art.com\/index.php\/wp-json\/wp\/v2\/pages\/222"}],"collection":[{"href":"https:\/\/delos-art.com\/index.php\/wp-json\/wp\/v2\/pages"}],"about":[{"href":"https:\/\/delos-art.com\/index.php\/wp-json\/wp\/v2\/types\/page"}],"author":[{"embeddable":true,"href":"https:\/\/delos-art.com\/index.php\/wp-json\/wp\/v2\/users\/1"}],"replies":[{"embeddable":true,"href":"https:\/\/delos-art.com\/index.php\/wp-json\/wp\/v2\/comments?post=222"}],"version-history":[{"count":1,"href":"https:\/\/delos-art.com\/index.php\/wp-json\/wp\/v2\/pages\/222\/revisions"}],"predecessor-version":[{"id":224,"href":"https:\/\/delos-art.com\/index.php\/wp-json\/wp\/v2\/pages\/222\/revisions\/224"}],"wp:attachment":[{"href":"https:\/\/delos-art.com\/index.php\/wp-json\/wp\/v2\/media?parent=222"}],"curies":[{"name":"wp","href":"https:\/\/api.w.org\/{rel}","templated":true}]}}