{"id":160,"date":"2017-12-16T14:58:29","date_gmt":"2017-12-16T13:58:29","guid":{"rendered":"http:\/\/delos-art.com\/?page_id=160"},"modified":"2018-06-20T20:15:58","modified_gmt":"2018-06-20T18:15:58","slug":"empreintes-bleues","status":"publish","type":"page","link":"https:\/\/delos-art.com\/index.php\/empreintes-bleues\/","title":{"rendered":"Empreintes bleues"},"content":{"rendered":"<p>Sur la p\u00e9riode de 2016 \u00e0 2017 D\u00e9los \u00e0 cr\u00e9\u00e9 <strong>Empreintes bleues<\/strong>, une nouvelle s\u00e9rie d&#8217;oeuvres sur fond blanc avec des projections d&#8217;un beau bleu azur: empreintes de corps, de main de mouvements.<\/p>\n<p>Hector et Achilles . Huile sur toile \u00a0112 x 150<\/p>\n<p><a href=\"http:\/\/delos-art.com\/wp-content\/uploads\/2017\/11\/IMG_4569.jpg\"><img loading=\"lazy\" class=\"alignnone wp-image-51 size-full\" src=\"http:\/\/delos-art.com\/wp-content\/uploads\/2017\/11\/IMG_4569.jpg\" alt=\"\" width=\"1835\" height=\"3738\" srcset=\"https:\/\/delos-art.com\/wp-content\/uploads\/2017\/11\/IMG_4569.jpg 1835w, https:\/\/delos-art.com\/wp-content\/uploads\/2017\/11\/IMG_4569-147x300.jpg 147w, https:\/\/delos-art.com\/wp-content\/uploads\/2017\/11\/IMG_4569-768x1564.jpg 768w, https:\/\/delos-art.com\/wp-content\/uploads\/2017\/11\/IMG_4569-503x1024.jpg 503w\" sizes=\"(max-width: 706px) 89vw, (max-width: 767px) 82vw, 740px\" \/><\/a><\/p>\n<p><a href=\"http:\/\/delos-art.com\/wp-content\/uploads\/2017\/12\/IMG_8815.jpg\">La chute d&#8217;Icare<img loading=\"lazy\" class=\"alignnone size-full wp-image-297\" src=\"http:\/\/delos-art.com\/wp-content\/uploads\/2017\/12\/IMG_8815.jpg\" alt=\"\" width=\"2561\" height=\"3177\" \/><\/a><\/p>\n<p><a href=\"http:\/\/delos-art.com\/wp-content\/uploads\/2017\/12\/IMG_8260.jpg\">L\u00e9vitation . Huile sur toile 30 x 40<img loading=\"lazy\" class=\"alignnone size-full wp-image-273\" src=\"http:\/\/delos-art.com\/wp-content\/uploads\/2017\/12\/IMG_8260.jpg\" alt=\"\" width=\"2811\" height=\"3561\" \/><\/a><\/p>\n<figure id=\"attachment_315\" aria-describedby=\"caption-attachment-315\" style=\"width: 2393px\" class=\"wp-caption alignnone\"><a href=\"http:\/\/delos-art.com\/wp-content\/uploads\/2017\/12\/IMG_0752.jpg\"><img loading=\"lazy\" class=\"size-full wp-image-315\" src=\"http:\/\/delos-art.com\/wp-content\/uploads\/2017\/12\/IMG_0752.jpg\" alt=\"\" width=\"2393\" height=\"3626\" \/><\/a><figcaption id=\"caption-attachment-315\" class=\"wp-caption-text\">Nu masculin artistique<\/figcaption><\/figure>\n<p><a href=\"http:\/\/delos-art.com\/wp-content\/uploads\/2017\/12\/IMG_7973.jpg\"><img loading=\"lazy\" class=\"alignnone size-full wp-image-275\" src=\"http:\/\/delos-art.com\/wp-content\/uploads\/2017\/12\/IMG_7973.jpg\" alt=\"\" width=\"3674\" height=\"1174\" \/><\/a><\/p>\n<p><a href=\"http:\/\/delos-art.com\/wp-content\/uploads\/2017\/12\/IMG_6798.jpg\">Aquilles . Huile sur toile<img loading=\"lazy\" class=\"alignnone size-full wp-image-182\" src=\"http:\/\/delos-art.com\/wp-content\/uploads\/2017\/12\/IMG_6798.jpg\" alt=\"\" width=\"2690\" height=\"3603\" srcset=\"https:\/\/delos-art.com\/wp-content\/uploads\/2017\/12\/IMG_6798.jpg 2690w, https:\/\/delos-art.com\/wp-content\/uploads\/2017\/12\/IMG_6798-224x300.jpg 224w, https:\/\/delos-art.com\/wp-content\/uploads\/2017\/12\/IMG_6798-768x1029.jpg 768w, https:\/\/delos-art.com\/wp-content\/uploads\/2017\/12\/IMG_6798-765x1024.jpg 765w\" sizes=\"(max-width: 706px) 89vw, (max-width: 767px) 82vw, 740px\" \/><\/a><\/p>\n<p>Suspendu . Huile sur toile <a href=\"http:\/\/delos-art.com\/wp-content\/uploads\/2017\/11\/IMG_5886-2.jpg\"><img loading=\"lazy\" class=\"alignnone wp-image-53 size-full\" src=\"http:\/\/delos-art.com\/wp-content\/uploads\/2017\/11\/IMG_5886-2.jpg\" alt=\"\" width=\"2455\" height=\"3516\" srcset=\"https:\/\/delos-art.com\/wp-content\/uploads\/2017\/11\/IMG_5886-2.jpg 2455w, https:\/\/delos-art.com\/wp-content\/uploads\/2017\/11\/IMG_5886-2-209x300.jpg 209w, https:\/\/delos-art.com\/wp-content\/uploads\/2017\/11\/IMG_5886-2-768x1100.jpg 768w, https:\/\/delos-art.com\/wp-content\/uploads\/2017\/11\/IMG_5886-2-715x1024.jpg 715w\" sizes=\"(max-width: 706px) 89vw, (max-width: 767px) 82vw, 740px\" \/><\/a><\/p>\n<p>&nbsp;<\/p>\n<p><a href=\"http:\/\/delos-art.com\/wp-content\/uploads\/2017\/11\/IMG_6417.jpg\">Empreintes bleues . Huile sur toile 50 x 100<img loading=\"lazy\" class=\"alignnone size-full wp-image-190\" src=\"http:\/\/delos-art.com\/wp-content\/uploads\/2017\/11\/IMG_6417.jpg\" alt=\"\" width=\"1807\" height=\"3686\" \/><\/a><\/p>\n<p><a href=\"http:\/\/delos-art.com\/wp-content\/uploads\/2017\/11\/IMG_4539-2.jpg\">Atlas . Huile sur Toile<img loading=\"lazy\" class=\"alignnone size-full wp-image-140\" src=\"http:\/\/delos-art.com\/wp-content\/uploads\/2017\/11\/IMG_4539-2.jpg\" alt=\"\" width=\"2573\" height=\"3661\" srcset=\"https:\/\/delos-art.com\/wp-content\/uploads\/2017\/11\/IMG_4539-2.jpg 2573w, https:\/\/delos-art.com\/wp-content\/uploads\/2017\/11\/IMG_4539-2-211x300.jpg 211w, https:\/\/delos-art.com\/wp-content\/uploads\/2017\/11\/IMG_4539-2-768x1093.jpg 768w, https:\/\/delos-art.com\/wp-content\/uploads\/2017\/11\/IMG_4539-2-720x1024.jpg 720w\" sizes=\"(max-width: 706px) 89vw, (max-width: 767px) 82vw, 740px\" \/><\/a><\/p>\n<p>Empreintes bleues . Huile sur toile 60 x 120<img loading=\"lazy\" class=\"alignnone size-full wp-image-112\" src=\"http:\/\/delos-art.com\/wp-content\/uploads\/2017\/11\/IMG_2963-1.jpg\" alt=\"\" width=\"1830\" height=\"3752\" srcset=\"https:\/\/delos-art.com\/wp-content\/uploads\/2017\/11\/IMG_2963-1.jpg 1830w, https:\/\/delos-art.com\/wp-content\/uploads\/2017\/11\/IMG_2963-1-146x300.jpg 146w, https:\/\/delos-art.com\/wp-content\/uploads\/2017\/11\/IMG_2963-1-768x1575.jpg 768w, https:\/\/delos-art.com\/wp-content\/uploads\/2017\/11\/IMG_2963-1-499x1024.jpg 499w\" sizes=\"(max-width: 706px) 89vw, (max-width: 767px) 82vw, 740px\" \/><\/p>\n<p><a href=\"http:\/\/delos-art.com\/wp-content\/uploads\/2017\/11\/IMG_6304.jpg\"><img loading=\"lazy\" class=\"alignnone size-full wp-image-138\" src=\"http:\/\/delos-art.com\/wp-content\/uploads\/2017\/11\/IMG_6304.jpg\" alt=\"\" width=\"2652\" height=\"2696\" srcset=\"https:\/\/delos-art.com\/wp-content\/uploads\/2017\/11\/IMG_6304.jpg 2652w, https:\/\/delos-art.com\/wp-content\/uploads\/2017\/11\/IMG_6304-295x300.jpg 295w, https:\/\/delos-art.com\/wp-content\/uploads\/2017\/11\/IMG_6304-768x781.jpg 768w, https:\/\/delos-art.com\/wp-content\/uploads\/2017\/11\/IMG_6304-1007x1024.jpg 1007w\" sizes=\"(max-width: 706px) 89vw, (max-width: 767px) 82vw, 740px\" \/><\/a><\/p>\n<p>Endymion . Huile sur toile 50&#215;100<img loading=\"lazy\" class=\"alignnone wp-image-101 size-full\" src=\"http:\/\/delos-art.com\/wp-content\/uploads\/2017\/11\/IMG_2433.jpg\" alt=\"\" width=\"985\" height=\"3006\" srcset=\"https:\/\/delos-art.com\/wp-content\/uploads\/2017\/11\/IMG_2433.jpg 985w, https:\/\/delos-art.com\/wp-content\/uploads\/2017\/11\/IMG_2433-98x300.jpg 98w, https:\/\/delos-art.com\/wp-content\/uploads\/2017\/11\/IMG_2433-768x2344.jpg 768w, https:\/\/delos-art.com\/wp-content\/uploads\/2017\/11\/IMG_2433-336x1024.jpg 336w\" sizes=\"(max-width: 706px) 89vw, (max-width: 767px) 82vw, 740px\" \/><\/p>\n<p><img loading=\"lazy\" class=\"alignnone size-full wp-image-47\" src=\"http:\/\/delos-art.com\/wp-content\/uploads\/2017\/11\/IMG_3805.jpg\" alt=\"\" width=\"3645\" height=\"1194\" srcset=\"https:\/\/delos-art.com\/wp-content\/uploads\/2017\/11\/IMG_3805.jpg 3645w, https:\/\/delos-art.com\/wp-content\/uploads\/2017\/11\/IMG_3805-300x98.jpg 300w, https:\/\/delos-art.com\/wp-content\/uploads\/2017\/11\/IMG_3805-768x252.jpg 768w, https:\/\/delos-art.com\/wp-content\/uploads\/2017\/11\/IMG_3805-1024x335.jpg 1024w\" sizes=\"(max-width: 706px) 89vw, (max-width: 767px) 82vw, 740px\" \/><\/p>\n<p><img loading=\"lazy\" class=\"alignnone size-full wp-image-103\" src=\"http:\/\/delos-art.com\/wp-content\/uploads\/2017\/11\/FullSizeRender_8.jpg\" alt=\"\" width=\"1357\" height=\"2859\" srcset=\"https:\/\/delos-art.com\/wp-content\/uploads\/2017\/11\/FullSizeRender_8.jpg 1357w, https:\/\/delos-art.com\/wp-content\/uploads\/2017\/11\/FullSizeRender_8-142x300.jpg 142w, https:\/\/delos-art.com\/wp-content\/uploads\/2017\/11\/FullSizeRender_8-768x1618.jpg 768w, https:\/\/delos-art.com\/wp-content\/uploads\/2017\/11\/FullSizeRender_8-486x1024.jpg 486w\" sizes=\"(max-width: 706px) 89vw, (max-width: 767px) 82vw, 740px\" \/><\/p>\n","protected":false},"excerpt":{"rendered":"<p>Sur la p\u00e9riode de 2016 \u00e0 2017 D\u00e9los \u00e0 cr\u00e9\u00e9 Empreintes bleues, une nouvelle s\u00e9rie d&#8217;oeuvres sur fond blanc avec des projections d&#8217;un beau bleu azur: empreintes de corps, de main de mouvements. Hector et Achilles . Huile sur toile \u00a0112 x 150 La chute d&#8217;Icare L\u00e9vitation . Huile sur toile 30 x 40 Aquilles &hellip; <\/p>\n<p class=\"link-more\"><a href=\"https:\/\/delos-art.com\/index.php\/empreintes-bleues\/\" class=\"more-link\">Continue reading<span class=\"screen-reader-text\"> &#8220;Empreintes bleues&#8221;<\/span><\/a><\/p>\n","protected":false},"author":1,"featured_media":0,"parent":0,"menu_order":0,"comment_status":"closed","ping_status":"closed","template":"","meta":[],"yoast_head":"<!-- This site is optimized with the Yoast SEO plugin v16.1.1 - https:\/\/yoast.com\/wordpress\/plugins\/seo\/ -->\n<title>Empreintes bleues - Delos Art GALLERY<\/title>\n<link rel=\"canonical\" href=\"https:\/\/delos-art.com\/index.php\/empreintes-bleues\/\" \/>\n<meta property=\"og:locale\" content=\"en_US\" \/>\n<meta property=\"og:type\" content=\"article\" \/>\n<meta property=\"og:title\" content=\"Empreintes bleues - Delos Art GALLERY\" \/>\n<meta property=\"og:description\" content=\"Sur la p\u00e9riode de 2016 \u00e0 2017 D\u00e9los \u00e0 cr\u00e9\u00e9 Empreintes bleues, une nouvelle s\u00e9rie d&#8217;oeuvres sur fond blanc avec des projections d&#8217;un beau bleu azur: empreintes de corps, de main de mouvements. Hector et Achilles . Huile sur toile \u00a0112 x 150 La chute d&#8217;Icare L\u00e9vitation . Huile sur toile 30 x 40 Aquilles &hellip; Continue reading &quot;Empreintes bleues&quot;\" \/>\n<meta property=\"og:url\" content=\"https:\/\/delos-art.com\/index.php\/empreintes-bleues\/\" \/>\n<meta property=\"og:site_name\" content=\"Delos Art GALLERY\" \/>\n<meta property=\"article:modified_time\" content=\"2018-06-20T18:15:58+00:00\" \/>\n<meta property=\"og:image\" content=\"http:\/\/delos-art.com\/wp-content\/uploads\/2017\/11\/IMG_4569.jpg\" \/>\n<meta name=\"twitter:card\" content=\"summary_large_image\" \/>\n<script type=\"application\/ld+json\" class=\"yoast-schema-graph\">{\"@context\":\"https:\/\/schema.org\",\"@graph\":[{\"@type\":\"WebSite\",\"@id\":\"https:\/\/delos-art.com\/#website\",\"url\":\"https:\/\/delos-art.com\/\",\"name\":\"Delos Art GALLERY\",\"description\":\"DELOS LE PEINTRE DES DIEUX, H\\u00c9ROS ET MYTHOLOGIES\",\"potentialAction\":[{\"@type\":\"SearchAction\",\"target\":\"https:\/\/delos-art.com\/?s={search_term_string}\",\"query-input\":\"required name=search_term_string\"}],\"inLanguage\":\"en-US\"},{\"@type\":\"ImageObject\",\"@id\":\"https:\/\/delos-art.com\/index.php\/empreintes-bleues\/#primaryimage\",\"inLanguage\":\"en-US\",\"url\":\"http:\/\/delos-art.com\/wp-content\/uploads\/2017\/11\/IMG_4569.jpg\",\"contentUrl\":\"http:\/\/delos-art.com\/wp-content\/uploads\/2017\/11\/IMG_4569.jpg\"},{\"@type\":\"WebPage\",\"@id\":\"https:\/\/delos-art.com\/index.php\/empreintes-bleues\/#webpage\",\"url\":\"https:\/\/delos-art.com\/index.php\/empreintes-bleues\/\",\"name\":\"Empreintes bleues - Delos Art GALLERY\",\"isPartOf\":{\"@id\":\"https:\/\/delos-art.com\/#website\"},\"primaryImageOfPage\":{\"@id\":\"https:\/\/delos-art.com\/index.php\/empreintes-bleues\/#primaryimage\"},\"datePublished\":\"2017-12-16T13:58:29+00:00\",\"dateModified\":\"2018-06-20T18:15:58+00:00\",\"breadcrumb\":{\"@id\":\"https:\/\/delos-art.com\/index.php\/empreintes-bleues\/#breadcrumb\"},\"inLanguage\":\"en-US\",\"potentialAction\":[{\"@type\":\"ReadAction\",\"target\":[\"https:\/\/delos-art.com\/index.php\/empreintes-bleues\/\"]}]},{\"@type\":\"BreadcrumbList\",\"@id\":\"https:\/\/delos-art.com\/index.php\/empreintes-bleues\/#breadcrumb\",\"itemListElement\":[{\"@type\":\"ListItem\",\"position\":1,\"item\":{\"@type\":\"WebPage\",\"@id\":\"https:\/\/delos-art.com\/\",\"url\":\"https:\/\/delos-art.com\/\",\"name\":\"Accueil\"}},{\"@type\":\"ListItem\",\"position\":2,\"item\":{\"@type\":\"WebPage\",\"@id\":\"https:\/\/delos-art.com\/index.php\/empreintes-bleues\/\",\"url\":\"https:\/\/delos-art.com\/index.php\/empreintes-bleues\/\",\"name\":\"Empreintes bleues\"}}]}]}<\/script>\n<!-- \/ Yoast SEO plugin. -->","_links":{"self":[{"href":"https:\/\/delos-art.com\/index.php\/wp-json\/wp\/v2\/pages\/160"}],"collection":[{"href":"https:\/\/delos-art.com\/index.php\/wp-json\/wp\/v2\/pages"}],"about":[{"href":"https:\/\/delos-art.com\/index.php\/wp-json\/wp\/v2\/types\/page"}],"author":[{"embeddable":true,"href":"https:\/\/delos-art.com\/index.php\/wp-json\/wp\/v2\/users\/1"}],"replies":[{"embeddable":true,"href":"https:\/\/delos-art.com\/index.php\/wp-json\/wp\/v2\/comments?post=160"}],"version-history":[{"count":9,"href":"https:\/\/delos-art.com\/index.php\/wp-json\/wp\/v2\/pages\/160\/revisions"}],"predecessor-version":[{"id":317,"href":"https:\/\/delos-art.com\/index.php\/wp-json\/wp\/v2\/pages\/160\/revisions\/317"}],"wp:attachment":[{"href":"https:\/\/delos-art.com\/index.php\/wp-json\/wp\/v2\/media?parent=160"}],"curies":[{"name":"wp","href":"https:\/\/api.w.org\/{rel}","templated":true}]}}